Last updated on 2025-05-08 04:52:22 CEST.
Flavor | Version | Tinstall | Tcheck | Ttotal | Status | Flags |
---|---|---|---|---|---|---|
r-devel-linux-x86_64-debian-clang | 1.2.7 | 535.28 | 241.56 | 776.84 | OK | |
r-devel-linux-x86_64-debian-gcc | 1.2.7 | 493.62 | 211.28 | 704.90 | OK | |
r-devel-linux-x86_64-fedora-clang | 1.2.7 | 1216.56 | OK | |||
r-devel-linux-x86_64-fedora-gcc | 1.2.7 | 1713.18 | OK | |||
r-devel-windows-x86_64 | 1.2.7 | 564.00 | 302.00 | 866.00 | OK | |
r-patched-linux-x86_64 | 1.2.7 | 617.16 | 283.92 | 901.08 | OK | |
r-release-linux-x86_64 | 1.2.7 | 602.65 | 282.29 | 884.94 | OK | |
r-release-macos-arm64 | 1.2.7 | 302.00 | OK | |||
r-release-macos-x86_64 | 1.2.7 | 463.00 | OK | |||
r-release-windows-x86_64 | 1.2.7 | 564.00 | 305.00 | 869.00 | OK | |
r-oldrel-macos-arm64 | 1.2.7 | 182.00 | NOTE | |||
r-oldrel-macos-x86_64 | 1.2.7 | 219.00 | NOTE | |||
r-oldrel-windows-x86_64 | 1.2.7 | 653.00 | 391.00 | 1044.00 | NOTE |
Version: 1.2.7
Check: installed package size
Result: NOTE
installed size is 128.7Mb
sub-directories of 1Mb or more:
R 2.0Mb
libs 125.4Mb
Flavors: r-oldrel-macos-arm64, r-oldrel-macos-x86_64, r-oldrel-windows-x86_64
Version: 1.2.7
Check: for GNU extensions in Makefiles
Result: NOTE
GNU make is a SystemRequirements.
Flavors: r-oldrel-macos-arm64, r-oldrel-macos-x86_64, r-oldrel-windows-x86_64
These binaries (installable software) and packages are in development.
They may not be fully stable and should be used with caution. We make no claims about them.