Last updated on 2025-11-27 13:48:53 CET.
| Flavor | Version | Tinstall | Tcheck | Ttotal | Status | Flags |
|---|---|---|---|---|---|---|
| r-devel-linux-x86_64-debian-clang | 1.2.8 | 529.94 | 260.80 | 790.74 | OK | |
| r-devel-linux-x86_64-debian-gcc | 1.2.8 | 507.46 | 224.44 | 731.90 | OK | |
| r-devel-linux-x86_64-fedora-clang | 1.2.8 | 1020.00 | 202.55 | 1222.55 | OK | |
| r-devel-linux-x86_64-fedora-gcc | 1.2.8 | 2760.00 | -1096.52 | 1663.48 | OK | |
| r-devel-windows-x86_64 | 1.2.8 | 567.00 | 313.00 | 880.00 | OK | |
| r-patched-linux-x86_64 | 1.2.8 | 624.12 | 301.35 | 925.47 | OK | |
| r-release-linux-x86_64 | 1.2.8 | 626.07 | 301.52 | 927.59 | OK | |
| r-release-macos-arm64 | 1.2.8 | OK | ||||
| r-release-macos-x86_64 | 1.2.8 | 292.00 | 181.00 | 473.00 | OK | |
| r-release-windows-x86_64 | 1.2.8 | 561.00 | 324.00 | 885.00 | OK | |
| r-oldrel-macos-arm64 | 1.2.8 | NOTE | ||||
| r-oldrel-macos-x86_64 | 1.2.8 | 427.00 | 233.00 | 660.00 | NOTE | |
| r-oldrel-windows-x86_64 | 1.2.8 | 674.00 | 396.00 | 1070.00 | NOTE |
Version: 1.2.8
Check: installed package size
Result: NOTE
installed size is 128.9Mb
sub-directories of 1Mb or more:
R 2.1Mb
doc 1.1Mb
libs 125.5Mb
Flavors: r-oldrel-macos-arm64, r-oldrel-macos-x86_64, r-oldrel-windows-x86_64
Version: 1.2.8
Check: for GNU extensions in Makefiles
Result: NOTE
GNU make is a SystemRequirements.
Flavors: r-oldrel-macos-arm64, r-oldrel-macos-x86_64, r-oldrel-windows-x86_64
These binaries (installable software) and packages are in development.
They may not be fully stable and should be used with caution. We make no claims about them.