Last updated on 2025-10-23 15:50:17 CEST.
Flavor | Version | Tinstall | Tcheck | Ttotal | Status | Flags |
---|---|---|---|---|---|---|
r-devel-linux-x86_64-debian-clang | 1.0.2 | 6.71 | 78.09 | 84.80 | NOTE | |
r-devel-linux-x86_64-debian-gcc | 1.0.2 | 5.71 | 64.02 | 69.73 | NOTE | |
r-devel-linux-x86_64-fedora-clang | 1.0.2 | 38.00 | 106.90 | 144.90 | OK | |
r-devel-linux-x86_64-fedora-gcc | 1.0.2 | 16.00 | 122.62 | 138.62 | OK | |
r-devel-windows-x86_64 | 1.0.2 | 10.00 | 396.00 | 406.00 | OK | |
r-patched-linux-x86_64 | 1.0.2 | 5.76 | 70.90 | 76.66 | OK | |
r-release-linux-x86_64 | 1.0.2 | 5.75 | 71.79 | 77.54 | OK | |
r-release-macos-arm64 | 1.0.2 | 3.00 | 46.00 | 49.00 | OK | |
r-release-macos-x86_64 | 1.0.2 | 6.00 | 63.00 | 69.00 | OK | |
r-release-windows-x86_64 | 1.0.2 | 9.00 | 90.00 | 99.00 | OK | |
r-oldrel-macos-arm64 | 1.0.2 | 3.00 | 47.00 | 50.00 | OK | |
r-oldrel-macos-x86_64 | 1.0.2 | 6.00 | 65.00 | 71.00 | OK | |
r-oldrel-windows-x86_64 | 1.0.2 | 9.00 | 101.00 | 110.00 | OK |
Version: 1.0.2
Check: CRAN incoming feasibility
Result: NOTE
Maintainer: ‘Mikaela Koutrouli <mikaela.koutrouli@cpr.ku.dk>’
Package CITATION file contains call(s) to old-style personList() or
as.personList(). Please use c() on person objects instead.
Package CITATION file contains call(s) to old-style citEntry(). Please
use bibentry() instead.
Flavors: r-devel-linux-x86_64-debian-clang, r-devel-linux-x86_64-debian-gcc
These binaries (installable software) and packages are in development.
They may not be fully stable and should be used with caution. We make no claims about them.