Last updated on 2025-05-01 14:49:25 CEST.
Flavor | Version | Tinstall | Tcheck | Ttotal | Status | Flags |
---|---|---|---|---|---|---|
r-devel-linux-x86_64-debian-clang | 1.0.2 | 6.44 | 76.35 | 82.79 | NOTE | |
r-devel-linux-x86_64-debian-gcc | 1.0.2 | 4.70 | 55.84 | 60.54 | NOTE | |
r-devel-linux-x86_64-fedora-clang | 1.0.2 | 124.15 | OK | |||
r-devel-linux-x86_64-fedora-gcc | 1.0.2 | 132.07 | OK | |||
r-devel-windows-x86_64 | 1.0.2 | 8.00 | 80.00 | 88.00 | OK | |
r-patched-linux-x86_64 | 1.0.2 | 5.90 | 63.29 | 69.19 | OK | |
r-release-linux-x86_64 | OK | |||||
r-release-macos-arm64 | 1.0.2 | 49.00 | OK | |||
r-release-macos-x86_64 | 1.0.2 | 69.00 | OK | |||
r-release-windows-x86_64 | 1.0.2 | 9.00 | 79.00 | 88.00 | OK | |
r-oldrel-macos-arm64 | 1.0.2 | 50.00 | OK | |||
r-oldrel-macos-x86_64 | 1.0.2 | 71.00 | OK | |||
r-oldrel-windows-x86_64 | 1.0.2 | 10.00 | 92.00 | 102.00 | OK |
Version: 1.0.2
Check: CRAN incoming feasibility
Result: NOTE
Maintainer: ‘Mikaela Koutrouli <mikaela.koutrouli@cpr.ku.dk>’
Package CITATION file contains call(s) to old-style personList() or
as.personList(). Please use c() on person objects instead.
Package CITATION file contains call(s) to old-style citEntry(). Please
use bibentry() instead.
Flavors: r-devel-linux-x86_64-debian-clang, r-devel-linux-x86_64-debian-gcc
These binaries (installable software) and packages are in development.
They may not be fully stable and should be used with caution. We make no claims about them.