CRAN Package Check Results for Package uclust

Last updated on 2025-07-25 01:49:42 CEST.

Flavor Version Tinstall Tcheck Ttotal Status Flags
r-devel-linux-x86_64-debian-clang 1.0.0 8.22 79.65 87.87 NOTE
r-devel-linux-x86_64-debian-gcc 1.0.0 5.24 52.33 57.57 NOTE
r-devel-linux-x86_64-fedora-clang 1.0.0 140.69 OK
r-devel-linux-x86_64-fedora-gcc 1.0.0 130.91 OK
r-devel-windows-x86_64 1.0.0 9.00 90.00 99.00 OK
r-patched-linux-x86_64 1.0.0 8.42 72.81 81.23 OK
r-release-linux-x86_64 1.0.0 8.05 72.28 80.33 OK
r-release-macos-arm64 1.0.0 34.00 OK
r-release-macos-x86_64 1.0.0 72.00 OK
r-release-windows-x86_64 1.0.0 9.00 92.00 101.00 OK
r-oldrel-macos-arm64 1.0.0 33.00 OK
r-oldrel-macos-x86_64 1.0.0 61.00 OK
r-oldrel-windows-x86_64 1.0.0 12.00 113.00 125.00 OK

Check Details

Version: 1.0.0
Check: CRAN incoming feasibility
Result: NOTE Maintainer: ‘Gabriela Cybis <gcybis@gmail.com>’ The Description field contains Valk and Gabriela B. Cybis (2021) <arXiv:2106.09115>. Please refer to arXiv e-prints via their arXiv DOI <doi:10.48550/arXiv.YYMM.NNNNN>. Flavors: r-devel-linux-x86_64-debian-clang, r-devel-linux-x86_64-debian-gcc

These binaries (installable software) and packages are in development.
They may not be fully stable and should be used with caution. We make no claims about them.