Last updated on 2025-05-08 04:52:22 CEST.
Flavor | Version | Tinstall | Tcheck | Ttotal | Status | Flags |
---|---|---|---|---|---|---|
r-devel-linux-x86_64-debian-clang | 1.0.0 | 8.47 | 78.06 | 86.53 | NOTE | |
r-devel-linux-x86_64-debian-gcc | 1.0.0 | 5.30 | 51.23 | 56.53 | NOTE | |
r-devel-linux-x86_64-fedora-clang | 1.0.0 | 128.24 | OK | |||
r-devel-linux-x86_64-fedora-gcc | 1.0.0 | 136.19 | OK | |||
r-devel-windows-x86_64 | 1.0.0 | 9.00 | 88.00 | 97.00 | OK | |
r-patched-linux-x86_64 | 1.0.0 | 8.80 | 73.02 | 81.82 | OK | |
r-release-linux-x86_64 | 1.0.0 | 8.04 | 72.77 | 80.81 | OK | |
r-release-macos-arm64 | 1.0.0 | 34.00 | OK | |||
r-release-macos-x86_64 | 1.0.0 | 72.00 | OK | |||
r-release-windows-x86_64 | 1.0.0 | 10.00 | 92.00 | 102.00 | OK | |
r-oldrel-macos-arm64 | 1.0.0 | 33.00 | OK | |||
r-oldrel-macos-x86_64 | 1.0.0 | 61.00 | OK | |||
r-oldrel-windows-x86_64 | 1.0.0 | 13.00 | 112.00 | 125.00 | OK |
Version: 1.0.0
Check: CRAN incoming feasibility
Result: NOTE
Maintainer: ‘Gabriela Cybis <gcybis@gmail.com>’
The Description field contains
Valk and Gabriela B. Cybis (2021) <arXiv:2106.09115>.
Please refer to arXiv e-prints via their arXiv DOI <doi:10.48550/arXiv.YYMM.NNNNN>.
Flavors: r-devel-linux-x86_64-debian-clang, r-devel-linux-x86_64-debian-gcc
These binaries (installable software) and packages are in development.
They may not be fully stable and should be used with caution. We make no claims about them.