Last updated on 2025-10-09 21:50:36 CEST.
Flavor | Version | Tinstall | Tcheck | Ttotal | Status | Flags |
---|---|---|---|---|---|---|
r-devel-linux-x86_64-debian-clang | 0.8.12 | 108.40 | 293.09 | 401.49 | NOTE | |
r-devel-linux-x86_64-debian-gcc | 0.8.12 | 96.31 | 237.59 | 333.90 | NOTE | |
r-devel-linux-x86_64-fedora-clang | 0.8.12 | 637.78 | NOTE | |||
r-devel-linux-x86_64-fedora-gcc | 0.8.12 | 772.62 | NOTE | |||
r-devel-windows-x86_64 | 0.8.12 | 118.00 | 361.00 | 479.00 | NOTE | |
r-patched-linux-x86_64 | 0.8.12 | 128.33 | 306.76 | 435.09 | NOTE | |
r-release-linux-x86_64 | 0.8.12 | 124.80 | 308.17 | 432.97 | NOTE | |
r-release-macos-arm64 | 0.8.12 | 224.00 | NOTE | |||
r-release-macos-x86_64 | 0.8.12 | 423.00 | NOTE | |||
r-release-windows-x86_64 | 0.8.12 | 117.00 | 374.00 | 491.00 | NOTE | |
r-oldrel-macos-arm64 | 0.8.12 | 229.00 | NOTE | |||
r-oldrel-macos-x86_64 | 0.8.12 | 447.00 | NOTE | |||
r-oldrel-windows-x86_64 | 0.8.12 | 147.00 | 445.00 | 592.00 | NOTE |
Version: 0.8.12
Check: C++ specification
Result: NOTE
Specified C++11: please drop specification unless essential
Flavors: r-devel-linux-x86_64-debian-clang, r-devel-linux-x86_64-debian-gcc, r-devel-linux-x86_64-fedora-clang, r-devel-linux-x86_64-fedora-gcc, r-devel-windows-x86_64, r-patched-linux-x86_64, r-release-linux-x86_64, r-release-macos-arm64, r-release-macos-x86_64, r-release-windows-x86_64, r-oldrel-macos-arm64, r-oldrel-macos-x86_64, r-oldrel-windows-x86_64
Version: 0.8.12
Check: installed package size
Result: NOTE
installed size is 26.1Mb
sub-directories of 1Mb or more:
doc 1.4Mb
dummydata 1.4Mb
libs 21.4Mb
Flavors: r-oldrel-macos-arm64, r-oldrel-macos-x86_64, r-oldrel-windows-x86_64
These binaries (installable software) and packages are in development.
They may not be fully stable and should be used with caution. We make no claims about them.