Last updated on 2025-10-23 11:50:33 CEST.
Flavor | Version | Tinstall | Tcheck | Ttotal | Status | Flags |
---|---|---|---|---|---|---|
r-devel-linux-x86_64-debian-clang | 25.7.1 | 13.59 | 126.95 | 140.54 | NOTE | |
r-devel-linux-x86_64-debian-gcc | 25.7.1 | 8.97 | 83.69 | 92.66 | OK | |
r-devel-linux-x86_64-fedora-clang | 25.7.1 | 78.00 | 149.06 | 227.06 | OK | |
r-devel-linux-x86_64-fedora-gcc | 25.7.1 | 45.00 | 161.99 | 206.99 | OK | |
r-devel-windows-x86_64 | 25.7.1 | 19.00 | 154.00 | 173.00 | OK | |
r-patched-linux-x86_64 | 25.7.1 | 14.73 | 119.40 | 134.13 | OK | |
r-release-linux-x86_64 | 25.7.1 | 13.31 | 121.29 | 134.60 | OK | |
r-release-macos-arm64 | 25.7.1 | 11.00 | 45.00 | 56.00 | OK | |
r-release-macos-x86_64 | 25.7.1 | 39.00 | 109.00 | 148.00 | OK | |
r-release-windows-x86_64 | 25.7.1 | 18.00 | 157.00 | 175.00 | OK | |
r-oldrel-macos-arm64 | 25.7.1 | 10.00 | 51.00 | 61.00 | OK | |
r-oldrel-macos-x86_64 | 25.7.1 | 24.00 | 82.00 | 106.00 | OK | |
r-oldrel-windows-x86_64 | 25.7.1 | 25.00 | 185.00 | 210.00 | OK |
Version: 25.7.1
Check: HTML version of manual
Result: NOTE
Found the following HTML validation problems:
report.html:65:1 (report.Rd:22): Warning: missing </ul> before </div>
safeRequire.html:50:1 (safeRequire.Rd:12): Warning: missing </ul> before </div>
Flavor: r-devel-linux-x86_64-debian-clang
These binaries (installable software) and packages are in development.
They may not be fully stable and should be used with caution. We make no claims about them.