Last updated on 2025-05-01 14:49:25 CEST.
Flavor | Version | Tinstall | Tcheck | Ttotal | Status | Flags |
---|---|---|---|---|---|---|
r-devel-linux-x86_64-debian-clang | 0.1.1 | 9.36 | 67.32 | 76.68 | NOTE | |
r-devel-linux-x86_64-debian-gcc | 0.1.1 | 5.73 | 49.75 | 55.48 | NOTE | |
r-devel-linux-x86_64-fedora-clang | 0.1.1 | 116.17 | OK | |||
r-devel-linux-x86_64-fedora-gcc | 0.1.1 | 113.65 | OK | |||
r-devel-windows-x86_64 | 0.1.1 | 9.00 | 82.00 | 91.00 | OK | |
r-patched-linux-x86_64 | 0.1.1 | 9.10 | 64.00 | 73.10 | OK | |
r-release-linux-x86_64 | OK | |||||
r-release-macos-arm64 | 0.1.1 | 35.00 | OK | |||
r-release-macos-x86_64 | 0.1.1 | 48.00 | OK | |||
r-release-windows-x86_64 | 0.1.1 | 9.00 | 89.00 | 98.00 | OK | |
r-oldrel-macos-arm64 | 0.1.1 | 33.00 | NOTE | |||
r-oldrel-macos-x86_64 | 0.1.1 | 53.00 | NOTE | |||
r-oldrel-windows-x86_64 | 0.1.1 | 12.00 | 92.00 | 104.00 | NOTE |
Version: 0.1.1
Check: CRAN incoming feasibility
Result: NOTE
Maintainer: ‘Minna Genbaeck <minna.genback@umu.se>’
No Authors@R field in DESCRIPTION.
Please add one, modifying
Authors@R: c(person(given = "Minna",
family = "Genbaeck,",
role = c("aut", "cre")),
person(given = "Minna",
family = "Genbaeck",
role = "cre",
email = "minna.genback@umu.se"))
as necessary.
Flavors: r-devel-linux-x86_64-debian-clang, r-devel-linux-x86_64-debian-gcc
Version: 0.1.1
Check: examples
Result: NOTE
Examples with CPU (user + system) or elapsed time > 5s
user system elapsed
ui.probit 6.429 0.014 8.662
Flavor: r-devel-linux-x86_64-debian-clang
Version: 0.1.1
Check: LazyData
Result: NOTE
'LazyData' is specified without a 'data' directory
Flavors: r-oldrel-macos-arm64, r-oldrel-macos-x86_64, r-oldrel-windows-x86_64
These binaries (installable software) and packages are in development.
They may not be fully stable and should be used with caution. We make no claims about them.