Last updated on 2025-10-23 11:50:33 CEST.
Flavor | Version | Tinstall | Tcheck | Ttotal | Status | Flags |
---|---|---|---|---|---|---|
r-devel-linux-x86_64-debian-clang | 1.0.2 | 10.20 | 56.77 | 66.97 | NOTE | |
r-devel-linux-x86_64-debian-gcc | 1.0.2 | 7.62 | 41.78 | 49.40 | NOTE | |
r-devel-linux-x86_64-fedora-clang | 1.0.2 | 72.00 | 32.80 | 104.80 | NOTE | |
r-devel-linux-x86_64-fedora-gcc | 1.0.2 | 38.00 | 73.64 | 111.64 | NOTE | |
r-devel-windows-x86_64 | 1.0.2 | 12.00 | 72.00 | 84.00 | NOTE | |
r-patched-linux-x86_64 | 1.0.2 | 9.81 | 51.62 | 61.43 | NOTE | |
r-release-linux-x86_64 | 1.0.2 | 10.34 | 53.04 | 63.38 | NOTE | |
r-release-macos-arm64 | 1.0.2 | 8.00 | 116.00 | 124.00 | NOTE | |
r-release-macos-x86_64 | 1.0.2 | 12.00 | 124.00 | 136.00 | NOTE | |
r-release-windows-x86_64 | 1.0.2 | 14.00 | 75.00 | 89.00 | NOTE | |
r-oldrel-macos-arm64 | 1.0.2 | 6.00 | 52.00 | 58.00 | NOTE | |
r-oldrel-macos-x86_64 | 1.0.2 | 9.00 | 69.00 | 78.00 | NOTE | |
r-oldrel-windows-x86_64 | 1.0.2 | 16.00 | 89.00 | 105.00 | NOTE |
Version: 1.0.2
Check: package subdirectories
Result: NOTE
Problems with news in ‘NEWS.md’:
Cannot extract version info from the following section titles:
uktrans_get is fixed when start_date is used (#2)
Extra layer of of NULL returns to fail gracefully with an informative message.
Removed travis & appveyor and using gh_actions instead.
Using gh-pages to create the pkgdown website.
Create an app as vignette page to search with the help of uklr.
Flavors: r-devel-linux-x86_64-debian-clang, r-devel-linux-x86_64-debian-gcc, r-devel-linux-x86_64-fedora-clang, r-devel-linux-x86_64-fedora-gcc, r-devel-windows-x86_64, r-patched-linux-x86_64, r-release-linux-x86_64, r-release-macos-arm64, r-release-macos-x86_64, r-release-windows-x86_64, r-oldrel-macos-arm64, r-oldrel-macos-x86_64, r-oldrel-windows-x86_64
Version: 1.0.2
Check: installed package size
Result: NOTE
installed size is 5.6Mb
sub-directories of 1Mb or more:
data 5.3Mb
Flavors: r-oldrel-macos-arm64, r-oldrel-macos-x86_64
These binaries (installable software) and packages are in development.
They may not be fully stable and should be used with caution. We make no claims about them.