Last updated on 2025-11-12 12:53:26 CET.
| Flavor | Version | Tinstall | Tcheck | Ttotal | Status | Flags |
|---|---|---|---|---|---|---|
| r-devel-linux-x86_64-debian-clang | 0.2.2 | 4.14 | 42.56 | 46.70 | OK | |
| r-devel-linux-x86_64-debian-gcc | 0.2.2 | 2.83 | 31.68 | 34.51 | OK | |
| r-devel-linux-x86_64-fedora-clang | 0.2.2 | 68.46 | OK | |||
| r-devel-linux-x86_64-fedora-gcc | 0.2.2 | 78.52 | OK | |||
| r-devel-windows-x86_64 | 0.2.2 | 6.00 | 66.00 | 72.00 | OK | |
| r-patched-linux-x86_64 | 0.2.2 | 3.55 | 38.91 | 42.46 | OK | |
| r-release-linux-x86_64 | 0.2.2 | 3.46 | 38.50 | 41.96 | OK | |
| r-release-macos-arm64 | 0.2.2 | 3.00 | 54.00 | 57.00 | OK | |
| r-release-macos-x86_64 | 0.2.2 | 3.00 | 46.00 | 49.00 | OK | |
| r-release-windows-x86_64 | 0.2.2 | 6.00 | 58.00 | 64.00 | OK | |
| r-oldrel-macos-arm64 | 0.2.2 | 2.00 | 30.00 | 32.00 | NOTE | |
| r-oldrel-macos-x86_64 | 0.2.2 | 3.00 | 46.00 | 49.00 | NOTE | |
| r-oldrel-windows-x86_64 | 0.2.2 | 6.00 | 70.00 | 76.00 | NOTE |
Version: 0.2.2
Check: LazyData
Result: NOTE
'LazyData' is specified without a 'data' directory
Flavors: r-oldrel-macos-arm64, r-oldrel-macos-x86_64, r-oldrel-windows-x86_64
These binaries (installable software) and packages are in development.
They may not be fully stable and should be used with caution. We make no claims about them.