Last updated on 2025-11-12 12:53:26 CET.
| Flavor | Version | Tinstall | Tcheck | Ttotal | Status | Flags |
|---|---|---|---|---|---|---|
| r-devel-linux-x86_64-debian-clang | 0.1.0 | 41.79 | 317.86 | 359.65 | NOTE | |
| r-devel-linux-x86_64-debian-gcc | 0.1.0 | 27.36 | 208.56 | 235.92 | NOTE | |
| r-devel-linux-x86_64-fedora-clang | 0.1.0 | 91.00 | 464.65 | 555.65 | NOTE | |
| r-devel-linux-x86_64-fedora-gcc | 0.1.0 | 83.00 | 448.51 | 531.51 | NOTE | |
| r-devel-windows-x86_64 | 0.1.0 | 36.00 | 233.00 | 269.00 | NOTE | |
| r-patched-linux-x86_64 | 0.1.0 | 42.43 | 299.21 | 341.64 | NOTE | |
| r-release-linux-x86_64 | 0.1.0 | 41.14 | 294.35 | 335.49 | NOTE | |
| r-release-macos-arm64 | 0.1.0 | 14.00 | 103.00 | 117.00 | NOTE | |
| r-release-macos-x86_64 | 0.1.0 | 41.00 | 257.00 | 298.00 | OK | |
| r-release-windows-x86_64 | 0.1.0 | 36.00 | 230.00 | 266.00 | NOTE | |
| r-oldrel-macos-arm64 | 0.1.0 | 16.00 | 102.00 | 118.00 | OK | |
| r-oldrel-macos-x86_64 | 0.1.0 | 40.00 | 310.00 | 350.00 | OK | |
| r-oldrel-windows-x86_64 | 0.1.0 | 51.00 | 326.00 | 377.00 | OK |
Version: 0.1.0
Check: DESCRIPTION meta-information
Result: NOTE
Missing dependency on R >= 4.1.0 because package code uses the pipe
|> or function shorthand \(...) syntax added in R 4.1.0.
File(s) using such syntax:
‘augment_gazetteer.Rd’ ‘locate_event.Rd’
Flavors: r-devel-linux-x86_64-debian-clang, r-devel-linux-x86_64-debian-gcc, r-devel-linux-x86_64-fedora-clang, r-devel-linux-x86_64-fedora-gcc, r-devel-windows-x86_64, r-patched-linux-x86_64, r-release-linux-x86_64, r-release-macos-arm64, r-release-windows-x86_64
These binaries (installable software) and packages are in development.
They may not be fully stable and should be used with caution. We make no claims about them.