Last updated on 2025-07-25 01:49:42 CEST.
Flavor | Version | Tinstall | Tcheck | Ttotal | Status | Flags |
---|---|---|---|---|---|---|
r-devel-linux-x86_64-debian-clang | 0.1.0 | 42.74 | 313.06 | 355.80 | NOTE | |
r-devel-linux-x86_64-debian-gcc | 0.1.0 | 28.13 | 211.25 | 239.38 | NOTE | |
r-devel-linux-x86_64-fedora-clang | 0.1.0 | 572.00 | NOTE | |||
r-devel-linux-x86_64-fedora-gcc | 0.1.0 | 539.26 | NOTE | |||
r-devel-windows-x86_64 | 0.1.0 | 36.00 | 239.00 | 275.00 | NOTE | |
r-patched-linux-x86_64 | 0.1.0 | 40.28 | 296.69 | 336.97 | NOTE | |
r-release-linux-x86_64 | 0.1.0 | 37.53 | 292.33 | 329.86 | NOTE | |
r-release-macos-arm64 | 0.1.0 | 117.00 | NOTE | |||
r-release-macos-x86_64 | 0.1.0 | 298.00 | OK | |||
r-release-windows-x86_64 | 0.1.0 | 35.00 | 237.00 | 272.00 | NOTE | |
r-oldrel-macos-arm64 | 0.1.0 | 118.00 | OK | |||
r-oldrel-macos-x86_64 | 0.1.0 | 350.00 | OK | |||
r-oldrel-windows-x86_64 | 0.1.0 | 51.00 | 326.00 | 377.00 | OK |
Version: 0.1.0
Check: DESCRIPTION meta-information
Result: NOTE
Missing dependency on R >= 4.1.0 because package code uses the pipe
|> or function shorthand \(...) syntax added in R 4.1.0.
File(s) using such syntax:
‘augment_gazetteer.Rd’ ‘locate_event.Rd’
Flavors: r-devel-linux-x86_64-debian-clang, r-devel-linux-x86_64-debian-gcc, r-devel-linux-x86_64-fedora-clang, r-devel-linux-x86_64-fedora-gcc, r-devel-windows-x86_64, r-patched-linux-x86_64, r-release-linux-x86_64, r-release-macos-arm64, r-release-windows-x86_64
These binaries (installable software) and packages are in development.
They may not be fully stable and should be used with caution. We make no claims about them.