Last updated on 2025-07-02 01:51:54 CEST.
Flavor | Version | Tinstall | Tcheck | Ttotal | Status | Flags |
---|---|---|---|---|---|---|
r-devel-linux-x86_64-debian-clang | 0.1.1 | 6.56 | 56.52 | 63.08 | NOTE | |
r-devel-linux-x86_64-debian-gcc | 0.1.1 | 4.51 | 40.89 | 45.40 | NOTE | |
r-devel-linux-x86_64-fedora-clang | 0.1.1 | 97.32 | NOTE | |||
r-devel-linux-x86_64-fedora-gcc | 0.1.1 | 94.03 | NOTE | |||
r-devel-windows-x86_64 | 0.1.1 | 8.00 | 67.00 | 75.00 | NOTE | |
r-patched-linux-x86_64 | NOTE | |||||
r-release-linux-x86_64 | 0.1.1 | 6.21 | 52.45 | 58.66 | NOTE | |
r-release-macos-arm64 | 0.1.1 | 29.00 | NOTE | |||
r-release-macos-x86_64 | 0.1.1 | 60.00 | NOTE | |||
r-release-windows-x86_64 | 0.1.1 | 9.00 | 71.00 | 80.00 | NOTE | |
r-oldrel-macos-arm64 | 0.1.1 | 28.00 | OK | |||
r-oldrel-macos-x86_64 | 0.1.1 | 56.00 | OK | |||
r-oldrel-windows-x86_64 | 0.1.1 | 11.00 | 86.00 | 97.00 | OK |
Version: 0.1.1
Check: DESCRIPTION meta-information
Result: NOTE
Missing dependency on R >= 4.1.0 because package code uses the pipe
|> or function shorthand \(...) syntax added in R 4.1.0.
File(s) using such syntax:
‘readtextgrid.R’
Flavors: r-devel-linux-x86_64-debian-clang, r-devel-linux-x86_64-debian-gcc, r-devel-linux-x86_64-fedora-clang, r-devel-linux-x86_64-fedora-gcc, r-devel-windows-x86_64, r-patched-linux-x86_64, r-release-linux-x86_64, r-release-macos-arm64, r-release-macos-x86_64, r-release-windows-x86_64
These binaries (installable software) and packages are in development.
They may not be fully stable and should be used with caution. We make no claims about them.