CRAN Package Check Results for Package umap

Last updated on 2025-07-17 13:50:22 CEST.

Flavor Version Tinstall Tcheck Ttotal Status Flags
r-devel-linux-x86_64-debian-clang 0.2.10.0 21.77 101.37 123.14 NOTE
r-devel-linux-x86_64-debian-gcc 0.2.10.0 15.84 71.87 87.71 NOTE
r-devel-linux-x86_64-fedora-clang 0.2.10.0 210.07 OK
r-devel-linux-x86_64-fedora-gcc 0.2.10.0 209.29 OK
r-devel-windows-x86_64 0.2.10.0 26.00 150.00 176.00 OK
r-patched-linux-x86_64 0.2.10.0 20.73 96.99 117.72 OK
r-release-linux-x86_64 0.2.10.0 21.13 95.59 116.72 OK
r-release-macos-arm64 0.2.10.0 65.00 OK
r-release-macos-x86_64 0.2.10.0 120.00 OK
r-release-windows-x86_64 0.2.10.0 26.00 150.00 176.00 OK
r-oldrel-macos-arm64 0.2.10.0 63.00 OK
r-oldrel-macos-x86_64 0.2.10.0 91.00 OK
r-oldrel-windows-x86_64 0.2.10.0 32.00 180.00 212.00 OK

Check Details

Version: 0.2.10.0
Check: CRAN incoming feasibility
Result: NOTE Maintainer: ‘Tomasz Konopka <tokonopka@gmail.com>’ The Description field contains (2018) in <arXiv:1802.03426>. This package provides an interface for Please refer to arXiv e-prints via their arXiv DOI <doi:10.48550/arXiv.YYMM.NNNNN>. Flavors: r-devel-linux-x86_64-debian-clang, r-devel-linux-x86_64-debian-gcc

These binaries (installable software) and packages are in development.
They may not be fully stable and should be used with caution. We make no claims about them.