CRAN Package Check Results for Package umx

Last updated on 2025-05-23 01:51:15 CEST.

Flavor Version Tinstall Tcheck Ttotal Status Flags
r-devel-linux-x86_64-debian-clang 4.21.0 40.78 1023.19 1063.97 OK
r-devel-linux-x86_64-debian-gcc 4.21.0 23.87 565.01 588.88 OK
r-devel-linux-x86_64-fedora-clang 4.21.0 1393.82 NOTE
r-devel-linux-x86_64-fedora-gcc 4.21.0 810.48 NOTE
r-devel-windows-x86_64 4.21.0 46.00 857.00 903.00 OK
r-patched-linux-x86_64 4.21.0 52.77 795.98 848.75 OK
r-release-linux-x86_64 4.21.0 38.21 791.59 829.80 OK
r-release-macos-arm64 4.21.0 313.00 OK
r-release-macos-x86_64 4.21.0 794.00 OK
r-release-windows-x86_64 4.21.0 47.00 967.00 1014.00 OK
r-oldrel-macos-arm64 4.21.0 359.00 NOTE
r-oldrel-macos-x86_64 4.21.0 588.00 NOTE
r-oldrel-windows-x86_64 4.21.0 55.00 1059.00 1114.00 NOTE

Check Details

Version: 4.21.0
Check: dependencies in R code
Result: NOTE Namespaces in Imports field not imported from: ‘foreign’ ‘psychTools’ ‘pwr’ ‘rmarkdown’ All declared Imports should be used. Flavors: r-devel-linux-x86_64-fedora-clang, r-devel-linux-x86_64-fedora-gcc

Version: 4.21.0
Check: installed package size
Result: NOTE installed size is 5.9Mb sub-directories of 1Mb or more: R 1.0Mb help 4.4Mb Flavors: r-oldrel-macos-arm64, r-oldrel-macos-x86_64, r-oldrel-windows-x86_64

These binaries (installable software) and packages are in development.
They may not be fully stable and should be used with caution. We make no claims about them.