Last updated on 2025-10-03 03:51:03 CEST.
Flavor | Version | Tinstall | Tcheck | Ttotal | Status | Flags |
---|---|---|---|---|---|---|
r-devel-linux-x86_64-debian-clang | 0.2.0 | 2.88 | 29.91 | 32.79 | NOTE | |
r-devel-linux-x86_64-debian-gcc | 0.2.0 | 2.35 | 23.52 | 25.87 | NOTE | |
r-devel-linux-x86_64-fedora-clang | 0.2.0 | 49.98 | OK | |||
r-devel-linux-x86_64-fedora-gcc | 0.2.0 | 47.15 | OK | |||
r-devel-windows-x86_64 | 0.2.0 | 5.00 | 50.00 | 55.00 | OK | |
r-patched-linux-x86_64 | 0.2.0 | 2.99 | 28.33 | 31.32 | OK | |
r-release-linux-x86_64 | 0.2.0 | 2.93 | 28.34 | 31.27 | OK | |
r-release-macos-arm64 | 0.2.0 | 19.00 | OK | |||
r-release-macos-x86_64 | 0.2.0 | 33.00 | OK | |||
r-release-windows-x86_64 | 0.2.0 | 4.00 | 50.00 | 54.00 | OK | |
r-oldrel-macos-arm64 | 0.2.0 | 19.00 | OK | |||
r-oldrel-macos-x86_64 | 0.2.0 | 27.00 | OK | |||
r-oldrel-windows-x86_64 | 0.2.0 | 4.00 | 57.00 | 61.00 | OK |
Version: 0.2.0
Check: CRAN incoming feasibility
Result: NOTE
Maintainer: ‘Hugo Gasca-Aragon <hugo_gasca_aragon@hotmail.com>’
No Authors@R field in DESCRIPTION.
Please add one, modifying
Authors@R: person(given = "Hugo",
family = "Gasca-Aragon",
role = c("aut", "cre"),
email = "hugo_gasca_aragon@hotmail.com")
as necessary.
Flavors: r-devel-linux-x86_64-debian-clang, r-devel-linux-x86_64-debian-gcc
These binaries (installable software) and packages are in development.
They may not be fully stable and should be used with caution. We make no claims about them.