Last updated on 2025-11-16 03:50:16 CET.
| Flavor | Version | Tinstall | Tcheck | Ttotal | Status | Flags |
|---|---|---|---|---|---|---|
| r-devel-linux-x86_64-debian-clang | 1.1.1 | 27.97 | 86.29 | 114.26 | NOTE | |
| r-devel-linux-x86_64-debian-gcc | 1.1.1 | 20.06 | 61.06 | 81.12 | NOTE | |
| r-devel-linux-x86_64-fedora-clang | 1.1.1 | 99.00 | 101.00 | 200.00 | NOTE | |
| r-devel-linux-x86_64-fedora-gcc | 1.1.1 | 61.00 | 121.26 | 182.26 | NOTE | |
| r-devel-windows-x86_64 | 1.1.1 | 45.00 | 112.00 | 157.00 | NOTE | |
| r-patched-linux-x86_64 | 1.1.1 | 28.55 | 81.78 | 110.33 | NOTE | |
| r-release-linux-x86_64 | 1.1.1 | 28.46 | 82.58 | 111.04 | NOTE | |
| r-release-macos-arm64 | 1.1.1 | 12.00 | 40.00 | 52.00 | NOTE | |
| r-release-macos-x86_64 | 1.1.1 | 18.00 | 78.00 | 96.00 | NOTE | |
| r-release-windows-x86_64 | 1.1.1 | 34.00 | 112.00 | 146.00 | NOTE | |
| r-oldrel-macos-arm64 | 1.1.1 | 14.00 | 39.00 | 53.00 | NOTE | |
| r-oldrel-macos-x86_64 | 1.1.1 | 23.00 | 69.00 | 92.00 | NOTE | |
| r-oldrel-windows-x86_64 | 1.1.1 | 44.00 | 142.00 | 186.00 | NOTE |
Version: 1.1.1
Check: package subdirectories
Result: NOTE
Problems with news in ‘NEWS.md’:
No news entries found.
Flavors: r-devel-linux-x86_64-debian-clang, r-devel-linux-x86_64-debian-gcc, r-devel-linux-x86_64-fedora-clang, r-devel-linux-x86_64-fedora-gcc, r-devel-windows-x86_64, r-patched-linux-x86_64, r-release-linux-x86_64, r-release-macos-arm64, r-release-macos-x86_64, r-release-windows-x86_64, r-oldrel-macos-arm64, r-oldrel-macos-x86_64, r-oldrel-windows-x86_64
Version: 1.1.1
Check: LazyData
Result: NOTE
'LazyData' is specified without a 'data' directory
Flavors: r-oldrel-macos-arm64, r-oldrel-macos-x86_64, r-oldrel-windows-x86_64
These binaries (installable software) and packages are in development.
They may not be fully stable and should be used with caution. We make no claims about them.