Last updated on 2025-11-12 23:51:03 CET.
| Flavor | Version | Tinstall | Tcheck | Ttotal | Status | Flags |
|---|---|---|---|---|---|---|
| r-devel-linux-x86_64-debian-clang | 1.4.4 | 38.55 | 99.39 | 137.94 | OK | |
| r-devel-linux-x86_64-debian-gcc | 1.4.4 | 28.04 | 79.32 | 107.36 | OK | |
| r-devel-linux-x86_64-fedora-clang | 1.4.4 | 61.00 | 156.57 | 217.57 | OK | |
| r-devel-linux-x86_64-fedora-gcc | 1.4.4 | 70.00 | 159.75 | 229.75 | OK | |
| r-devel-windows-x86_64 | 1.4.4 | 40.00 | 146.00 | 186.00 | OK | |
| r-patched-linux-x86_64 | 1.4.4 | 38.60 | 104.04 | 142.64 | OK | |
| r-release-linux-x86_64 | 1.4.4 | 40.25 | 104.76 | 145.01 | OK | |
| r-release-macos-arm64 | 1.4.4 | 18.00 | 58.00 | 76.00 | OK | |
| r-release-macos-x86_64 | 1.4.4 | 29.00 | 171.00 | 200.00 | OK | |
| r-release-windows-x86_64 | 1.4.4 | 40.00 | 146.00 | 186.00 | OK | |
| r-oldrel-macos-arm64 | 1.4.4 | 17.00 | 52.00 | 69.00 | NOTE | |
| r-oldrel-macos-x86_64 | 1.4.4 | 23.00 | 81.00 | 104.00 | NOTE | |
| r-oldrel-windows-x86_64 | 1.4.4 | 48.00 | 179.00 | 227.00 | OK |
Version: 1.4.4
Check: installed package size
Result: NOTE
installed size is 13.9Mb
sub-directories of 1Mb or more:
libs 13.2Mb
Flavors: r-oldrel-macos-arm64, r-oldrel-macos-x86_64
These binaries (installable software) and packages are in development.
They may not be fully stable and should be used with caution. We make no claims about them.