CRAN Package Check Results for Package ungroup

Last updated on 2025-07-25 01:49:43 CEST.

Flavor Version Tinstall Tcheck Ttotal Status Flags
r-devel-linux-x86_64-debian-clang 1.4.4 35.64 97.10 132.74 OK
r-devel-linux-x86_64-debian-gcc 1.4.4 28.15 76.84 104.99 OK
r-devel-linux-x86_64-fedora-clang 1.4.4 223.49 OK
r-devel-linux-x86_64-fedora-gcc 1.4.4 233.02 OK
r-devel-windows-x86_64 1.4.4 38.00 169.00 207.00 OK
r-patched-linux-x86_64 1.4.4 41.29 101.13 142.42 OK
r-release-linux-x86_64 1.4.4 37.48 100.65 138.13 OK
r-release-macos-arm64 1.4.4 76.00 OK
r-release-macos-x86_64 1.4.4 200.00 OK
r-release-windows-x86_64 1.4.4 38.00 154.00 192.00 OK
r-oldrel-macos-arm64 1.4.4 69.00 NOTE
r-oldrel-macos-x86_64 1.4.4 104.00 NOTE
r-oldrel-windows-x86_64 1.4.4 48.00 180.00 228.00 OK

Check Details

Version: 1.4.4
Check: installed package size
Result: NOTE installed size is 13.9Mb sub-directories of 1Mb or more: libs 13.2Mb Flavors: r-oldrel-macos-arm64, r-oldrel-macos-x86_64

These binaries (installable software) and packages are in development.
They may not be fully stable and should be used with caution. We make no claims about them.