Last updated on 2025-02-16 12:53:56 CET.
Flavor | Version | Tinstall | Tcheck | Ttotal | Status | Flags |
---|---|---|---|---|---|---|
r-devel-linux-x86_64-debian-clang | 0.4.0 | 3.15 | 38.84 | 41.99 | NOTE | |
r-devel-linux-x86_64-debian-gcc | 0.4.0 | 1.93 | 29.40 | 31.33 | NOTE | |
r-devel-linux-x86_64-fedora-clang | 0.4.0 | 69.29 | NOTE | |||
r-devel-macos-arm64 | 0.4.0 | 33.00 | OK | |||
r-devel-macos-x86_64 | 0.4.0 | 57.00 | NOTE | |||
r-devel-windows-x86_64 | 0.4.0 | 6.00 | 64.00 | 70.00 | NOTE | |
r-patched-linux-x86_64 | 0.4.0 | 3.00 | 36.05 | 39.05 | OK | |
r-release-linux-x86_64 | 0.4.0 | 2.36 | 36.68 | 39.04 | OK | |
r-release-macos-arm64 | 0.4.0 | 32.00 | OK | |||
r-release-macos-x86_64 | 0.4.0 | 45.00 | OK | |||
r-release-windows-x86_64 | 0.4.0 | 6.00 | 66.00 | 72.00 | OK | |
r-oldrel-macos-arm64 | 0.4.0 | 31.00 | OK | |||
r-oldrel-macos-x86_64 | 0.4.0 | 78.00 | OK | |||
r-oldrel-windows-x86_64 | 0.4.0 | 6.00 | 74.00 | 80.00 | OK |
Version: 0.4.0
Check: DESCRIPTION meta-information
Result: NOTE
Missing dependency on R >= 4.1.0 because package code uses the pipe
|> or function shorthand \(...) syntax added in R 4.1.0.
File(s) using such syntax:
‘annotate_mf.R’ ‘annotate_mf_all.R’
Flavors: r-devel-linux-x86_64-debian-clang, r-devel-linux-x86_64-debian-gcc, r-devel-linux-x86_64-fedora-clang, r-devel-macos-x86_64, r-devel-windows-x86_64
These binaries (installable software) and packages are in development.
They may not be fully stable and should be used with caution. We make no claims about them.