Last updated on 2025-02-21 15:52:19 CET.
Flavor | Version | Tinstall | Tcheck | Ttotal | Status | Flags |
---|---|---|---|---|---|---|
r-devel-linux-x86_64-debian-clang | 1.5 | 6.05 | 52.16 | 58.21 | OK | |
r-devel-linux-x86_64-debian-gcc | 1.5 | 4.89 | 38.77 | 43.66 | OK | |
r-devel-linux-x86_64-fedora-clang | 1.5 | 97.75 | OK | |||
r-devel-linux-x86_64-fedora-gcc | 1.5 | 90.33 | OK | |||
r-devel-macos-arm64 | 1.5 | 30.00 | OK | |||
r-devel-macos-x86_64 | 1.5 | 57.00 | OK | |||
r-devel-windows-x86_64 | 1.5 | 8.00 | 72.00 | 80.00 | OK | |
r-patched-linux-x86_64 | 1.5 | 6.82 | 49.68 | 56.50 | NOTE | |
r-release-linux-x86_64 | 1.5 | 6.03 | 49.21 | 55.24 | NOTE | |
r-release-macos-arm64 | 1.5 | 30.00 | NOTE | |||
r-release-macos-x86_64 | 1.5 | 45.00 | NOTE | |||
r-release-windows-x86_64 | 1.5 | 8.00 | 67.00 | 75.00 | NOTE | |
r-oldrel-macos-arm64 | 1.5 | 31.00 | NOTE | |||
r-oldrel-macos-x86_64 | 1.5 | 51.00 | NOTE | |||
r-oldrel-windows-x86_64 | 1.5 | 7.00 | 78.00 | 85.00 | NOTE |
Version: 1.5
Check: LazyData
Result: NOTE
'LazyData' is specified without a 'data' directory
Flavors: r-patched-linux-x86_64, r-release-linux-x86_64, r-release-macos-arm64, r-release-macos-x86_64, r-release-windows-x86_64, r-oldrel-macos-arm64, r-oldrel-macos-x86_64, r-oldrel-windows-x86_64
These binaries (installable software) and packages are in development.
They may not be fully stable and should be used with caution. We make no claims about them.