CRAN Package Check Results for Package uniReg

Last updated on 2025-11-16 03:50:16 CET.

Flavor Version Tinstall Tcheck Ttotal Status Flags
r-devel-linux-x86_64-debian-clang 1.1 6.05 68.70 74.75 NOTE
r-devel-linux-x86_64-debian-gcc 1.1 4.81 53.03 57.84 NOTE
r-devel-linux-x86_64-fedora-clang 1.1 13.00 102.59 115.59 OK
r-devel-linux-x86_64-fedora-gcc 1.1 13.00 101.68 114.68 OK
r-devel-windows-x86_64 1.1 9.00 93.00 102.00 OK
r-patched-linux-x86_64 1.1 5.83 66.58 72.41 OK
r-release-linux-x86_64 1.1 6.37 66.80 73.17 OK
r-release-macos-arm64 1.1 3.00 40.00 43.00 OK
r-release-macos-x86_64 1.1 5.00 54.00 59.00 OK
r-release-windows-x86_64 1.1 7.00 91.00 98.00 OK
r-oldrel-macos-arm64 1.1 3.00 36.00 39.00 OK
r-oldrel-macos-x86_64 1.1 5.00 45.00 50.00 OK
r-oldrel-windows-x86_64 1.1 11.00 110.00 121.00 OK

Check Details

Version: 1.1
Check: CRAN incoming feasibility
Result: NOTE Maintainer: ‘Claudia Koellmann <koellmann@statistik.tu-dortmund.de>’ No Authors@R field in DESCRIPTION. Please add one, modifying Authors@R: person(given = "Claudia", family = "Koellmann", role = c("aut", "cre"), email = "koellmann@statistik.tu-dortmund.de") as necessary. Flavors: r-devel-linux-x86_64-debian-clang, r-devel-linux-x86_64-debian-gcc

These binaries (installable software) and packages are in development.
They may not be fully stable and should be used with caution. We make no claims about them.