CRAN Package Check Results for Package uniah

Last updated on 2025-07-26 07:50:37 CEST.

Flavor Version Tinstall Tcheck Ttotal Status Flags
r-devel-linux-x86_64-debian-clang 1.2 6.23 51.64 57.87 NOTE
r-devel-linux-x86_64-debian-gcc 1.2 5.14 39.34 44.48 NOTE
r-devel-linux-x86_64-fedora-clang 1.2 96.78 OK
r-devel-linux-x86_64-fedora-gcc 1.2 87.57 OK
r-devel-windows-x86_64 1.2 8.00 72.00 80.00 OK
r-patched-linux-x86_64 1.2 6.57 49.10 55.67 OK
r-release-linux-x86_64 1.2 6.88 50.20 57.08 OK
r-release-macos-arm64 1.2 33.00 OK
r-release-macos-x86_64 1.2 59.00 OK
r-release-windows-x86_64 1.2 8.00 73.00 81.00 OK
r-oldrel-macos-arm64 1.2 28.00 OK
r-oldrel-macos-x86_64 1.2 45.00 OK
r-oldrel-windows-x86_64 1.2 12.00 71.00 83.00 OK

Check Details

Version: 1.2
Check: CRAN incoming feasibility
Result: NOTE Maintainer: ‘Yunro Chung <yunro.chung@asu.edu>’ No Authors@R field in DESCRIPTION. Please add one, modifying Authors@R: person(given = "Yunro", family = "Chung", role = c("aut", "cre"), email = "yunro.chung@asu.edu") as necessary. Flavors: r-devel-linux-x86_64-debian-clang, r-devel-linux-x86_64-debian-gcc

These binaries (installable software) and packages are in development.
They may not be fully stable and should be used with caution. We make no claims about them.