CRAN Package Check Results for Package uniah

Last updated on 2025-05-22 06:52:02 CEST.

Flavor Version Tinstall Tcheck Ttotal Status Flags
r-devel-linux-x86_64-debian-clang 1.2 5.91 52.28 58.19 NOTE
r-devel-linux-x86_64-debian-gcc 1.2 5.02 38.24 43.26 NOTE
r-devel-linux-x86_64-fedora-clang 1.2 91.09 OK
r-devel-linux-x86_64-fedora-gcc 1.2 88.33 OK
r-devel-windows-x86_64 1.2 8.00 79.00 87.00 OK
r-patched-linux-x86_64 1.2 6.96 50.49 57.45 OK
r-release-linux-x86_64 1.2 6.18 49.51 55.69 OK
r-release-macos-arm64 1.2 33.00 OK
r-release-macos-x86_64 1.2 59.00 OK
r-release-windows-x86_64 1.2 10.00 94.00 104.00 OK
r-oldrel-macos-arm64 1.2 28.00 OK
r-oldrel-macos-x86_64 1.2 45.00 OK
r-oldrel-windows-x86_64 1.2 10.00 75.00 85.00 OK

Check Details

Version: 1.2
Check: CRAN incoming feasibility
Result: NOTE Maintainer: ‘Yunro Chung <yunro.chung@asu.edu>’ No Authors@R field in DESCRIPTION. Please add one, modifying Authors@R: person(given = "Yunro", family = "Chung", role = c("aut", "cre"), email = "yunro.chung@asu.edu") as necessary. Flavors: r-devel-linux-x86_64-debian-clang, r-devel-linux-x86_64-debian-gcc

These binaries (installable software) and packages are in development.
They may not be fully stable and should be used with caution. We make no claims about them.