Last updated on 2025-05-02 06:49:49 CEST.
Flavor | Version | Tinstall | Tcheck | Ttotal | Status | Flags |
---|---|---|---|---|---|---|
r-devel-linux-x86_64-debian-clang | 0.2.4 | 4.46 | 76.18 | 80.64 | NOTE | |
r-devel-linux-x86_64-debian-gcc | 0.2.4 | 2.84 | 53.19 | 56.03 | OK | |
r-devel-linux-x86_64-fedora-clang | 0.2.4 | 134.19 | OK | |||
r-devel-linux-x86_64-fedora-gcc | 0.2.4 | 139.47 | OK | |||
r-devel-windows-x86_64 | 0.2.4 | 6.00 | 97.00 | 103.00 | OK | |
r-patched-linux-x86_64 | 0.2.4 | 4.86 | 70.57 | 75.43 | OK | |
r-release-linux-x86_64 | OK | |||||
r-release-macos-arm64 | 0.2.4 | 48.00 | OK | |||
r-release-macos-x86_64 | 0.2.4 | 104.00 | OK | |||
r-release-windows-x86_64 | 0.2.4 | 6.00 | 98.00 | 104.00 | OK | |
r-oldrel-macos-arm64 | 0.2.4 | 41.00 | OK | |||
r-oldrel-macos-x86_64 | 0.2.4 | 68.00 | OK | |||
r-oldrel-windows-x86_64 | 0.2.4 | 5.00 | 113.00 | 118.00 | OK |
Version: 0.2.4
Check: examples
Result: NOTE
Examples with CPU (user + system) or elapsed time > 5s
user system elapsed
create_terrain 7.58 0.102 10.088
Flavor: r-devel-linux-x86_64-debian-clang
These binaries (installable software) and packages are in development.
They may not be fully stable and should be used with caution. We make no claims about them.