Last updated on 2025-07-27 21:51:07 CEST.
Flavor | Version | Tinstall | Tcheck | Ttotal | Status | Flags |
---|---|---|---|---|---|---|
r-devel-linux-x86_64-debian-clang | 0.1.3 | 74.00 | 37.55 | 111.55 | OK | |
r-devel-linux-x86_64-debian-gcc | 0.1.3 | 60.98 | 30.08 | 91.06 | OK | |
r-devel-linux-x86_64-fedora-clang | 0.1.3 | 207.28 | OK | |||
r-devel-linux-x86_64-fedora-gcc | 0.1.3 | 242.40 | OK | |||
r-devel-windows-x86_64 | 0.1.3 | 116.00 | 136.00 | 252.00 | OK | |
r-patched-linux-x86_64 | 0.1.3 | 89.32 | 34.73 | 124.05 | OK | |
r-release-linux-x86_64 | 0.1.3 | 86.31 | 34.59 | 120.90 | OK | |
r-release-macos-arm64 | 0.1.3 | 80.00 | OK | |||
r-release-macos-x86_64 | 0.1.3 | 99.00 | OK | |||
r-release-windows-x86_64 | 0.1.3 | 114.00 | 121.00 | 235.00 | OK | |
r-oldrel-macos-arm64 | 0.1.3 | 62.00 | NOTE | |||
r-oldrel-macos-x86_64 | 0.1.3 | 161.00 | NOTE | |||
r-oldrel-windows-x86_64 | 0.1.3 | 132.00 | 152.00 | 284.00 | NOTE |
Version: 0.1.3
Check: installed package size
Result: NOTE
installed size is 15.4Mb
sub-directories of 1Mb or more:
libs 14.2Mb
Flavors: r-oldrel-macos-arm64, r-oldrel-macos-x86_64, r-oldrel-windows-x86_64
These binaries (installable software) and packages are in development.
They may not be fully stable and should be used with caution. We make no claims about them.