CRAN Package Check Results for Package unigd

Last updated on 2025-11-12 12:53:26 CET.

Flavor Version Tinstall Tcheck Ttotal Status Flags
r-devel-linux-x86_64-debian-clang 0.1.3 70.15 52.85 123.00 OK
r-devel-linux-x86_64-debian-gcc 0.1.3 60.66 40.44 101.10 OK
r-devel-linux-x86_64-fedora-clang 0.1.3 157.00 65.27 222.27 OK
r-devel-linux-x86_64-fedora-gcc 0.1.3 129.00 131.38 260.38 OK
r-devel-windows-x86_64 0.1.3 117.00 133.00 250.00 OK
r-patched-linux-x86_64 0.1.3 85.91 49.60 135.51 OK
r-release-linux-x86_64 0.1.3 84.24 49.10 133.34 OK
r-release-macos-arm64 0.1.3 38.00 42.00 80.00 OK
r-release-macos-x86_64 0.1.3 39.00 60.00 99.00 OK
r-release-windows-x86_64 0.1.3 116.00 132.00 248.00 OK
r-oldrel-macos-arm64 0.1.3 30.00 32.00 62.00 NOTE
r-oldrel-macos-x86_64 0.1.3 67.00 94.00 161.00 NOTE
r-oldrel-windows-x86_64 0.1.3 134.00 169.00 303.00 NOTE

Additional issues

rchk

Check Details

Version: 0.1.3
Check: installed package size
Result: NOTE installed size is 15.4Mb sub-directories of 1Mb or more: libs 14.2Mb Flavors: r-oldrel-macos-arm64, r-oldrel-macos-x86_64, r-oldrel-windows-x86_64

These binaries (installable software) and packages are in development.
They may not be fully stable and should be used with caution. We make no claims about them.