Last updated on 2025-05-01 12:49:44 CEST.
Flavor | Version | Tinstall | Tcheck | Ttotal | Status | Flags |
---|---|---|---|---|---|---|
r-devel-linux-x86_64-debian-clang | 0.1.3 | 75.34 | 36.81 | 112.15 | OK | |
r-devel-linux-x86_64-debian-gcc | 0.1.3 | 61.42 | 29.23 | 90.65 | OK | |
r-devel-linux-x86_64-fedora-clang | 0.1.3 | 230.54 | OK | |||
r-devel-linux-x86_64-fedora-gcc | 0.1.3 | 237.63 | OK | |||
r-devel-windows-x86_64 | 0.1.3 | 115.00 | 121.00 | 236.00 | OK | |
r-patched-linux-x86_64 | 0.1.3 | 83.87 | 34.88 | 118.75 | OK | |
r-release-linux-x86_64 | OK | |||||
r-release-macos-arm64 | 0.1.3 | 80.00 | OK | |||
r-release-macos-x86_64 | 0.1.3 | 99.00 | OK | |||
r-release-windows-x86_64 | 0.1.3 | 118.00 | 126.00 | 244.00 | OK | |
r-oldrel-macos-arm64 | 0.1.3 | 62.00 | NOTE | |||
r-oldrel-macos-x86_64 | 0.1.3 | 161.00 | NOTE | |||
r-oldrel-windows-x86_64 | 0.1.3 | 126.00 | 156.00 | 282.00 | NOTE |
Version: 0.1.3
Check: installed package size
Result: NOTE
installed size is 15.4Mb
sub-directories of 1Mb or more:
libs 14.2Mb
Flavors: r-oldrel-macos-arm64, r-oldrel-macos-x86_64, r-oldrel-windows-x86_64
These binaries (installable software) and packages are in development.
They may not be fully stable and should be used with caution. We make no claims about them.