CRAN Package Check Results for Package unine

Last updated on 2025-06-30 23:50:04 CEST.

Flavor Version Tinstall Tcheck Ttotal Status Flags
r-devel-linux-x86_64-debian-clang 0.2.0 32.14 25.21 57.35 NOTE
r-devel-linux-x86_64-debian-gcc 0.2.0 21.59 20.22 41.81 NOTE
r-devel-linux-x86_64-fedora-clang 0.2.0 114.10 NOTE
r-devel-linux-x86_64-fedora-gcc 0.2.0 98.52 NOTE
r-devel-windows-x86_64 0.2.0 34.00 65.00 99.00 NOTE
r-patched-linux-x86_64 NOTE
r-release-linux-x86_64 0.2.0 30.68 24.25 54.93 NOTE
r-release-macos-arm64 0.2.0 30.00 NOTE
r-release-macos-x86_64 0.2.0 41.00 NOTE
r-release-windows-x86_64 0.2.0 36.00 68.00 104.00 NOTE
r-oldrel-macos-arm64 0.2.0 31.00 NOTE
r-oldrel-macos-x86_64 0.2.0 39.00 NOTE
r-oldrel-windows-x86_64 0.2.0 34.00 70.00 104.00 NOTE

Check Details

Version: 0.2.0
Check: C++ specification
Result: NOTE Specified C++11: please drop specification unless essential Flavors: r-devel-linux-x86_64-debian-clang, r-devel-linux-x86_64-debian-gcc, r-devel-linux-x86_64-fedora-clang, r-devel-linux-x86_64-fedora-gcc, r-devel-windows-x86_64, r-patched-linux-x86_64, r-release-linux-x86_64, r-release-macos-arm64, r-release-macos-x86_64, r-release-windows-x86_64, r-oldrel-macos-arm64, r-oldrel-macos-x86_64, r-oldrel-windows-x86_64

These binaries (installable software) and packages are in development.
They may not be fully stable and should be used with caution. We make no claims about them.