CRAN Package Check Results for Package unisensR

Last updated on 2025-05-01 14:49:25 CEST.

Flavor Version Tinstall Tcheck Ttotal Status Flags
r-devel-linux-x86_64-debian-clang 0.3.3 2.02 29.38 31.40 OK
r-devel-linux-x86_64-debian-gcc 0.3.4 1.50 24.85 26.35 OK
r-devel-linux-x86_64-fedora-clang 0.3.4 49.27 OK
r-devel-linux-x86_64-fedora-gcc 0.3.4 48.26 OK
r-devel-windows-x86_64 0.3.4 4.00 54.00 58.00 OK
r-patched-linux-x86_64 0.3.4 2.21 28.21 30.42 OK
r-release-linux-x86_64 OK
r-release-macos-arm64 0.3.4 22.00 OK
r-release-macos-x86_64 0.3.4 37.00 OK
r-release-windows-x86_64 0.3.4 5.00 56.00 61.00 OK
r-oldrel-macos-arm64 0.3.4 25.00 OK
r-oldrel-macos-x86_64 0.3.4 52.00 OK
r-oldrel-windows-x86_64 0.3.3 4.00 56.00 60.00 NOTE

Check Details

Version: 0.3.3
Check: LazyData
Result: NOTE 'LazyData' is specified without a 'data' directory Flavor: r-oldrel-windows-x86_64

These binaries (installable software) and packages are in development.
They may not be fully stable and should be used with caution. We make no claims about them.