Last updated on 2025-10-24 17:50:58 CEST.
| Flavor | Version | Tinstall | Tcheck | Ttotal | Status | Flags |
|---|---|---|---|---|---|---|
| r-devel-linux-x86_64-debian-clang | 1.1.0 | 2.63 | 22.84 | 25.47 | NOTE | |
| r-devel-linux-x86_64-debian-gcc | 1.1.0 | 1.70 | 18.18 | 19.88 | NOTE | |
| r-devel-linux-x86_64-fedora-clang | 1.1.0 | 14.00 | 26.11 | 40.11 | OK | |
| r-devel-linux-x86_64-fedora-gcc | 1.1.0 | 37.22 | OK | |||
| r-devel-windows-x86_64 | 1.1.0 | 4.00 | 40.00 | 44.00 | OK | |
| r-patched-linux-x86_64 | 1.1.0 | 2.61 | 21.59 | 24.20 | OK | |
| r-release-linux-x86_64 | 1.1.0 | 1.78 | 21.54 | 23.32 | OK | |
| r-release-macos-arm64 | 1.1.0 | 1.00 | 18.00 | 19.00 | OK | |
| r-release-macos-x86_64 | 1.1.0 | 2.00 | 60.00 | 62.00 | OK | |
| r-release-windows-x86_64 | 1.1.0 | 4.00 | 49.00 | 53.00 | OK | |
| r-oldrel-macos-arm64 | 1.1.0 | 1.00 | 15.00 | 16.00 | OK | |
| r-oldrel-macos-x86_64 | 1.1.0 | 2.00 | 20.00 | 22.00 | OK | |
| r-oldrel-windows-x86_64 | 1.1.0 | 5.00 | 46.00 | 51.00 | OK |
Version: 1.1.0
Check: CRAN incoming feasibility
Result: NOTE
Maintainer: ‘David Navarro-Gonzalez <david.navarro@urv.cat>’
No Authors@R field in DESCRIPTION.
Please add one, modifying
Authors@R: c(person(given = c("Pere", "Joan"),
family = "Ferrando",
role = "aut"),
person(given = "David",
family = "Navarro-Gonzalez",
role = c("aut", "cre"),
email = "david.navarro@urv.cat"),
person(given = "Urbano",
family = "Lorenzo-Seva",
role = "aut"))
as necessary.
Flavors: r-devel-linux-x86_64-debian-clang, r-devel-linux-x86_64-debian-gcc
These binaries (installable software) and packages are in development.
They may not be fully stable and should be used with caution. We make no claims about them.