Last updated on 2025-10-23 21:51:47 CEST.
Flavor | Version | Tinstall | Tcheck | Ttotal | Status | Flags |
---|---|---|---|---|---|---|
r-devel-linux-x86_64-debian-clang | 0.0.5 | 1.79 | 25.37 | 27.16 | NOTE | |
r-devel-linux-x86_64-debian-gcc | 0.0.5 | 1.43 | 20.70 | 22.13 | OK | |
r-devel-linux-x86_64-fedora-clang | 0.0.5 | 40.22 | OK | |||
r-devel-linux-x86_64-fedora-gcc | 0.0.5 | 36.69 | OK | |||
r-devel-windows-x86_64 | 0.0.5 | 3.00 | 45.00 | 48.00 | OK | |
r-patched-linux-x86_64 | 0.0.5 | 2.33 | 22.54 | 24.87 | OK | |
r-release-linux-x86_64 | 0.0.5 | 1.67 | 23.16 | 24.83 | OK | |
r-release-macos-arm64 | 0.0.5 | 1.00 | 16.00 | 17.00 | OK | |
r-release-macos-x86_64 | 0.0.5 | 2.00 | 28.00 | 30.00 | OK | |
r-release-windows-x86_64 | 0.0.5 | 3.00 | 48.00 | 51.00 | OK | |
r-oldrel-macos-arm64 | 0.0.5 | 1.00 | 15.00 | 16.00 | OK | |
r-oldrel-macos-x86_64 | 0.0.5 | 2.00 | 22.00 | 24.00 | OK | |
r-oldrel-windows-x86_64 | 0.0.5 | 4.00 | 51.00 | 55.00 | OK |
Version: 0.0.5
Check: HTML version of manual
Result: NOTE
Found the following HTML validation problems:
params.html:57:1 (params.Rd:16): Warning: missing </ul> before </div>
Flavor: r-devel-linux-x86_64-debian-clang
These binaries (installable software) and packages are in development.
They may not be fully stable and should be used with caution. We make no claims about them.