Last updated on 2025-02-16 08:51:04 CET.
Flavor | Version | Tinstall | Tcheck | Ttotal | Status | Flags |
---|---|---|---|---|---|---|
r-devel-linux-x86_64-debian-clang | 1.5.0 | 376.92 | 277.99 | 654.91 | OK | |
r-devel-linux-x86_64-debian-gcc | 1.5.0 | 274.52 | 188.18 | 462.70 | OK | |
r-devel-linux-x86_64-fedora-clang | 1.5.0 | 1149.28 | OK | |||
r-devel-linux-x86_64-fedora-gcc | 1.5.0 | 964.77 | OK | |||
r-devel-macos-arm64 | 1.5.0 | 185.00 | OK | |||
r-devel-macos-x86_64 | 1.5.0 | 384.00 | OK | |||
r-devel-windows-x86_64 | 1.5.0 | 381.00 | 316.00 | 697.00 | OK | |
r-patched-linux-x86_64 | 1.5.0 | 382.59 | 280.08 | 662.67 | NOTE | |
r-release-linux-x86_64 | 1.5.0 | 392.41 | 277.15 | 669.56 | NOTE | |
r-release-macos-arm64 | 1.5.0 | 244.00 | NOTE | |||
r-release-macos-x86_64 | 1.5.0 | 460.00 | NOTE | |||
r-release-windows-x86_64 | 1.5.0 | 273.00 | 285.00 | 558.00 | NOTE | |
r-oldrel-macos-arm64 | 1.4.3 | 313.00 | NOTE | |||
r-oldrel-macos-x86_64 | 1.5.0 | 498.00 | NOTE | |||
r-oldrel-windows-x86_64 | 1.5.0 | 293.00 | 303.00 | 596.00 | NOTE |
Version: 1.5.0
Check: for GNU extensions in Makefiles
Result: NOTE
GNU make is a SystemRequirements.
Flavors: r-patched-linux-x86_64, r-release-linux-x86_64, r-release-macos-arm64, r-release-macos-x86_64, r-release-windows-x86_64, r-oldrel-macos-x86_64, r-oldrel-windows-x86_64
Version: 1.5.0
Check: installed package size
Result: NOTE
installed size is 66.4Mb
sub-directories of 1Mb or more:
R 2.0Mb
doc 1.3Mb
libs 62.1Mb
Flavors: r-release-macos-arm64, r-release-macos-x86_64, r-release-windows-x86_64, r-oldrel-macos-x86_64, r-oldrel-windows-x86_64
Version: 1.4.3
Check: installed package size
Result: NOTE
installed size is 65.7Mb
sub-directories of 1Mb or more:
R 2.0Mb
doc 1.1Mb
libs 61.6Mb
Flavor: r-oldrel-macos-arm64
Version: 1.4.3
Check: for GNU extensions in Makefiles
Result: NOTE
GNU make is a SystemRequirements.
Flavor: r-oldrel-macos-arm64
These binaries (installable software) and packages are in development.
They may not be fully stable and should be used with caution. We make no claims about them.