Last updated on 2024-07-27 15:50:36 CEST.
Flavor | Version | Tinstall | Tcheck | Ttotal | Status | Flags |
---|---|---|---|---|---|---|
r-devel-linux-x86_64-debian-clang | 1.4.1 | 472.61 | 330.44 | 803.05 | NOTE | |
r-devel-linux-x86_64-debian-gcc | 1.4.1 | NOTE | ||||
r-devel-linux-x86_64-fedora-clang | 1.4.1 | 1178.98 | NOTE | |||
r-devel-linux-x86_64-fedora-gcc | 1.4.1 | 1227.37 | NOTE | |||
r-devel-windows-x86_64 | 1.4.1 | 369.00 | 317.00 | 686.00 | NOTE | |
r-patched-linux-x86_64 | 1.4.1 | NOTE | ||||
r-release-linux-x86_64 | 1.4.1 | 419.36 | 392.46 | 811.82 | NOTE | |
r-release-macos-arm64 | 1.4.1 | 243.00 | NOTE | |||
r-release-macos-x86_64 | 1.4.1 | 296.00 | NOTE | |||
r-release-windows-x86_64 | 1.4.1 | 433.00 | 313.00 | 746.00 | NOTE | |
r-oldrel-macos-arm64 | 1.4.1 | 217.00 | NOTE | |||
r-oldrel-macos-x86_64 | 1.4.1 | 387.00 | NOTE | |||
r-oldrel-windows-x86_64 | 1.4.1 | 433.00 | 399.00 | 832.00 | NOTE |
Version: 1.4.1
Check: for GNU extensions in Makefiles
Result: NOTE
GNU make is a SystemRequirements.
Flavors: r-devel-linux-x86_64-debian-clang, r-devel-linux-x86_64-debian-gcc, r-devel-linux-x86_64-fedora-clang, r-devel-linux-x86_64-fedora-gcc, r-devel-windows-x86_64, r-patched-linux-x86_64, r-release-linux-x86_64, r-release-macos-arm64, r-release-macos-x86_64, r-release-windows-x86_64, r-oldrel-macos-arm64, r-oldrel-macos-x86_64, r-oldrel-windows-x86_64
Version: 1.4.1
Check: Rd cross-references
Result: NOTE
Found the following Rd file(s) with Rd \link{} targets missing package
anchors:
unmarkedRanef-class.Rd: xyplot
Please provide package anchors for all Rd \link{} targets not in the
package itself and the base packages.
Flavors: r-devel-linux-x86_64-debian-gcc, r-devel-windows-x86_64
Version: 1.4.1
Check: installed package size
Result: NOTE
installed size is 6.2Mb
sub-directories of 1Mb or more:
R 1.4Mb
doc 1.4Mb
libs 2.5Mb
Flavors: r-devel-linux-x86_64-fedora-clang, r-devel-windows-x86_64, r-release-macos-arm64, r-release-macos-x86_64, r-release-windows-x86_64, r-oldrel-macos-arm64, r-oldrel-macos-x86_64, r-oldrel-windows-x86_64
These binaries (installable software) and packages are in development.
They may not be fully stable and should be used with caution. We make no claims about them.