Last updated on 2025-10-23 11:50:33 CEST.
Flavor | Version | Tinstall | Tcheck | Ttotal | Status | Flags |
---|---|---|---|---|---|---|
r-devel-linux-x86_64-debian-clang | 0.0.7 | 11.12 | 36.84 | 47.96 | NOTE | |
r-devel-linux-x86_64-debian-gcc | 0.0.7 | 8.97 | 29.78 | 38.75 | NOTE | |
r-devel-linux-x86_64-fedora-clang | 0.0.7 | 78.00 | 10.08 | 88.08 | NOTE | |
r-devel-linux-x86_64-fedora-gcc | 0.0.7 | 51.00 | 45.75 | 96.75 | NOTE | |
r-devel-windows-x86_64 | 0.0.7 | 15.00 | 80.00 | 95.00 | OK | |
r-patched-linux-x86_64 | 0.0.7 | 12.21 | 35.36 | 47.57 | OK | |
r-release-linux-x86_64 | 0.0.7 | 12.27 | 36.84 | 49.11 | OK | |
r-release-macos-arm64 | 0.0.7 | 6.00 | 27.00 | 33.00 | OK | |
r-release-macos-x86_64 | 0.0.7 | 11.00 | 47.00 | 58.00 | OK | |
r-release-windows-x86_64 | 0.0.7 | 16.00 | 71.00 | 87.00 | OK | |
r-oldrel-macos-arm64 | 0.0.7 | 8.00 | 33.00 | 41.00 | OK | |
r-oldrel-macos-x86_64 | 0.0.7 | 12.00 | 89.00 | 101.00 | OK | |
r-oldrel-windows-x86_64 | 0.0.7 | 17.00 | 89.00 | 106.00 | OK |
Version: 0.0.7
Check: compiled code
Result: NOTE
File ‘unnest/libs/unnest.so’:
Found non-API call to R: ‘Rf_lazy_duplicate’
Compiled code should not call non-API entry points in R.
See ‘Writing portable packages’ in the ‘Writing R Extensions’ manual,
and section ‘Moving into C API compliance’ for issues with the use of
non-API entry points.
Flavors: r-devel-linux-x86_64-debian-clang, r-devel-linux-x86_64-debian-gcc, r-devel-linux-x86_64-fedora-clang, r-devel-linux-x86_64-fedora-gcc
These binaries (installable software) and packages are in development.
They may not be fully stable and should be used with caution. We make no claims about them.