Last updated on 2025-02-19 17:51:08 CET.
Flavor | Version | Tinstall | Tcheck | Ttotal | Status | Flags |
---|---|---|---|---|---|---|
r-devel-linux-x86_64-debian-clang | 0.1.0 | 3.18 | 28.57 | 31.75 | NOTE | |
r-devel-linux-x86_64-debian-gcc | 0.1.0 | 2.10 | 21.51 | 23.61 | NOTE | |
r-devel-linux-x86_64-fedora-clang | 0.1.0 | 52.26 | NOTE | |||
r-devel-linux-x86_64-fedora-gcc | 0.1.0 | 47.58 | NOTE | |||
r-devel-macos-arm64 | 0.1.0 | 19.00 | OK | |||
r-devel-macos-x86_64 | 0.1.0 | 39.00 | NOTE | |||
r-devel-windows-x86_64 | 0.1.0 | 4.00 | 48.00 | 52.00 | NOTE | |
r-patched-linux-x86_64 | 0.1.0 | 2.99 | 26.64 | 29.63 | OK | |
r-release-linux-x86_64 | 0.1.0 | 2.70 | 27.09 | 29.79 | OK | |
r-release-macos-arm64 | 0.1.0 | 20.00 | OK | |||
r-release-macos-x86_64 | 0.1.0 | 28.00 | OK | |||
r-release-windows-x86_64 | 0.1.0 | 4.00 | 52.00 | 56.00 | OK | |
r-oldrel-macos-arm64 | 0.1.0 | 25.00 | OK | |||
r-oldrel-macos-x86_64 | 0.1.0 | 41.00 | OK | |||
r-oldrel-windows-x86_64 | 0.1.0 | 5.00 | 75.00 | 80.00 | OK |
Version: 0.1.0
Check: DESCRIPTION meta-information
Result: NOTE
Missing dependency on R >= 4.2.0 because package code uses the pipe
placeholder syntax added in R 4.2.0.
File(s) using such syntax:
‘available_version.R’
Flavors: r-devel-linux-x86_64-debian-clang, r-devel-linux-x86_64-debian-gcc, r-devel-linux-x86_64-fedora-clang, r-devel-linux-x86_64-fedora-gcc, r-devel-windows-x86_64
Version: 0.1.0
Check: DESCRIPTION meta-information
Result: NOTE
Missing dependency on R >= 4.1.0 because package code uses the pipe
|> or function shorthand \(...) syntax added in R 4.1.0.
File(s) using such syntax:
‘available_version.R’ ‘inform_load.R’ ‘package_installation_info.R’
‘updateme_sources_set.R’
Flavor: r-devel-macos-x86_64
These binaries (installable software) and packages are in development.
They may not be fully stable and should be used with caution. We make no claims about them.