Last updated on 2025-02-19 17:51:08 CET.
Flavor | Version | Tinstall | Tcheck | Ttotal | Status | Flags |
---|---|---|---|---|---|---|
r-devel-linux-x86_64-debian-clang | 0.4.0 | 4.34 | 40.50 | 44.84 | OK | |
r-devel-linux-x86_64-debian-gcc | 0.4.0 | 3.22 | 29.36 | 32.58 | OK | |
r-devel-linux-x86_64-fedora-clang | 0.4.0 | 73.49 | OK | |||
r-devel-linux-x86_64-fedora-gcc | 0.4.0 | 95.89 | OK | |||
r-devel-macos-arm64 | 0.4.0 | 37.00 | OK | |||
r-devel-macos-x86_64 | 0.4.0 | 68.00 | OK | |||
r-devel-windows-x86_64 | 0.4.0 | 6.00 | 60.00 | 66.00 | OK | |
r-patched-linux-x86_64 | 0.4.0 | 3.78 | 37.09 | 40.87 | NOTE | |
r-release-linux-x86_64 | 0.4.0 | 3.73 | 37.42 | 41.15 | NOTE | |
r-release-macos-arm64 | 0.4.0 | 36.00 | NOTE | |||
r-release-macos-x86_64 | 0.4.0 | 55.00 | NOTE | |||
r-release-windows-x86_64 | 0.4.0 | 6.00 | 59.00 | 65.00 | NOTE | |
r-oldrel-macos-arm64 | 0.4.0 | 36.00 | NOTE | |||
r-oldrel-macos-x86_64 | 0.4.0 | 73.00 | NOTE | |||
r-oldrel-windows-x86_64 | 0.4.0 | 8.00 | 63.00 | 71.00 | NOTE |
Version: 0.4.0
Check: LazyData
Result: NOTE
'LazyData' is specified without a 'data' directory
Flavors: r-patched-linux-x86_64, r-release-linux-x86_64, r-release-macos-arm64, r-release-macos-x86_64, r-release-windows-x86_64, r-oldrel-macos-arm64, r-oldrel-macos-x86_64, r-oldrel-windows-x86_64
These binaries (installable software) and packages are in development.
They may not be fully stable and should be used with caution. We make no claims about them.