CRAN Package Check Results for Package urlchecker

Last updated on 2025-02-21 15:52:19 CET.

Flavor Version Tinstall Tcheck Ttotal Status Flags
r-devel-linux-x86_64-debian-clang 1.0.1 1.48 17.52 19.00 OK
r-devel-linux-x86_64-debian-gcc 1.0.1 1.53 14.12 15.65 OK
r-devel-linux-x86_64-fedora-clang 1.0.1 31.96 NOTE
r-devel-linux-x86_64-fedora-gcc 1.0.1 29.38 NOTE
r-devel-macos-arm64 1.0.1 14.00 OK
r-devel-macos-x86_64 1.0.1 23.00 OK
r-devel-windows-x86_64 1.0.1 3.00 40.00 43.00 OK
r-patched-linux-x86_64 1.0.1 1.78 16.71 18.49 OK
r-release-linux-x86_64 1.0.1 1.53 16.60 18.13 OK
r-release-macos-arm64 1.0.1 19.00 OK
r-release-macos-x86_64 1.0.1 19.00 OK
r-release-windows-x86_64 1.0.1 3.00 39.00 42.00 OK
r-oldrel-macos-arm64 1.0.1 15.00 OK
r-oldrel-macos-x86_64 1.0.1 19.00 OK
r-oldrel-windows-x86_64 1.0.1 3.00 72.00 75.00 OK

Check Details

Version: 1.0.1
Check: dependencies in R code
Result: NOTE Namespace in Imports field not imported from: ‘xml2’ All declared Imports should be used. Flavors: r-devel-linux-x86_64-fedora-clang, r-devel-linux-x86_64-fedora-gcc

These binaries (installable software) and packages are in development.
They may not be fully stable and should be used with caution. We make no claims about them.