CRAN Package Check Results for Package urlchecker

Last updated on 2025-05-08 04:52:22 CEST.

Flavor Version Tinstall Tcheck Ttotal Status Flags
r-devel-linux-x86_64-debian-clang 1.0.1 1.67 18.57 20.24 OK
r-devel-linux-x86_64-debian-gcc 1.0.1 1.36 15.40 16.76 OK
r-devel-linux-x86_64-fedora-clang 1.0.1 30.82 NOTE
r-devel-linux-x86_64-fedora-gcc 1.0.1 29.71 NOTE
r-devel-windows-x86_64 1.0.1 5.00 38.00 43.00 OK
r-patched-linux-x86_64 1.0.1 1.71 17.02 18.73 OK
r-release-linux-x86_64 1.0.1 1.52 17.05 18.57 OK
r-release-macos-arm64 1.0.1 15.00 OK
r-release-macos-x86_64 1.0.1 23.00 OK
r-release-windows-x86_64 1.0.1 3.00 39.00 42.00 OK
r-oldrel-macos-arm64 1.0.1 19.00 OK
r-oldrel-macos-x86_64 1.0.1 19.00 OK
r-oldrel-windows-x86_64 1.0.1 4.00 42.00 46.00 OK

Check Details

Version: 1.0.1
Check: dependencies in R code
Result: NOTE Namespace in Imports field not imported from: ‘xml2’ All declared Imports should be used. Flavors: r-devel-linux-x86_64-fedora-clang, r-devel-linux-x86_64-fedora-gcc

These binaries (installable software) and packages are in development.
They may not be fully stable and should be used with caution. We make no claims about them.