CRAN Package Check Results for Package urltools

Last updated on 2025-05-01 08:52:49 CEST.

Flavor Version Tinstall Tcheck Ttotal Status Flags
r-devel-linux-x86_64-debian-clang 1.7.3 39.53 31.99 71.52 NOTE
r-devel-linux-x86_64-debian-gcc 1.7.3 30.61 25.22 55.83 NOTE
r-devel-linux-x86_64-fedora-clang 1.7.3 128.62 NOTE
r-devel-linux-x86_64-fedora-gcc 1.7.3 149.68 NOTE
r-devel-windows-x86_64 1.7.3 52.00 78.00 130.00 NOTE
r-patched-linux-x86_64 1.7.3 46.07 30.79 76.86 NOTE
r-release-linux-x86_64 NOTE
r-release-macos-arm64 1.7.3 49.00 NOTE
r-release-macos-x86_64 1.7.3 64.00 NOTE
r-release-windows-x86_64 1.7.3 54.00 79.00 133.00 NOTE
r-oldrel-macos-arm64 1.7.3 48.00 NOTE
r-oldrel-macos-x86_64 1.7.3 54.00 NOTE
r-oldrel-windows-x86_64 1.7.3 57.00 83.00 140.00 NOTE

Check Details

Version: 1.7.3
Check: CRAN incoming feasibility
Result: NOTE Maintainer: ‘Os Keyes <ironholds@gmail.com>’ No Authors@R field in DESCRIPTION. Please add one, modifying Authors@R: c(person(given = "Os", family = "Keyes", role = c("aut", "cre"), email = "ironholds@gmail.com"), person(given = "Jay", family = "Jacobs", role = c("aut", "cre")), person(given = "Drew", family = "Schmidt", role = "aut"), person(given = "Mark", family = "Greenaway", role = "ctb"), person(given = "Bob", family = "Rudis", role = "ctb"), person(given = "Alex", family = "Pinto", role = "ctb"), person(given = "Maryam", family = "Khezrzadeh", role = "ctb"), person(given = "Peter", family = "Meilstrup", role = "ctb"), person(given = c("Adam", "M."), family = "Costello", role = "cph"), person(given = "Jeff", family = "Bezanson", role = "cph"), person(given = "Peter", family = "Meilstrup", role = "ctb"), person(given = "Xueyuan", family = "Jiang", role = "ctb")) as necessary. Found the following (possibly) invalid file URI: URI: CONDUCT.md From: README.md Flavors: r-devel-linux-x86_64-debian-clang, r-devel-linux-x86_64-debian-gcc

Version: 1.7.3
Check: Rd files
Result: NOTE checkRd: (-1) encoder.Rd:32-37: Lost braces in \itemize; meant \describe ? checkRd: (-1) encoder.Rd:38-44: Lost braces in \itemize; meant \describe ? checkRd: (-1) encoder.Rd:45-48: Lost braces in \itemize; meant \describe ? Flavors: r-devel-linux-x86_64-debian-clang, r-devel-linux-x86_64-debian-gcc, r-devel-linux-x86_64-fedora-clang, r-devel-linux-x86_64-fedora-gcc, r-devel-windows-x86_64, r-patched-linux-x86_64, r-release-linux-x86_64, r-release-macos-arm64, r-release-macos-x86_64, r-release-windows-x86_64, r-oldrel-macos-arm64, r-oldrel-macos-x86_64, r-oldrel-windows-x86_64

These binaries (installable software) and packages are in development.
They may not be fully stable and should be used with caution. We make no claims about them.