CRAN Package Check Results for Package ursa

Last updated on 2025-11-11 17:50:17 CET.

Flavor Version Tinstall Tcheck Ttotal Status Flags
r-devel-linux-x86_64-debian-clang 3.11.4 7.04 343.69 350.73 NOTE
r-devel-linux-x86_64-debian-gcc 3.11.4 6.24 228.81 235.05 NOTE
r-devel-linux-x86_64-fedora-clang 3.11.4 33.00 537.07 570.07 NOTE
r-devel-linux-x86_64-fedora-gcc 3.11.4 16.00 517.32 533.32 NOTE
r-devel-windows-x86_64 3.11.4 16.00 386.00 402.00 NOTE
r-patched-linux-x86_64 3.11.4 12.42 340.02 352.44 OK
r-release-linux-x86_64 3.11.4 7.71 340.34 348.05 OK
r-release-macos-arm64 3.11.4 6.00 159.00 165.00 OK
r-release-macos-x86_64 3.11.4 8.00 344.00 352.00 OK
r-release-windows-x86_64 3.11.4 14.00 390.00 404.00 OK
r-oldrel-macos-arm64 3.11.4 5.00 147.00 152.00 OK
r-oldrel-macos-x86_64 3.11.4 12.00 309.00 321.00 OK
r-oldrel-windows-x86_64 3.11.4 17.00 509.00 526.00 OK

Check Details

Version: 3.11.4
Check: Rd files
Result: NOTE checkRd: (-1) identify.Rd:32-49: Only 4 columns allowed in this table (row 1 has 3) checkRd: (-1) identify.Rd:32-49: Only 4 columns allowed in this table (row 4 has 1) checkRd: (-1) ursa_as.Rd:27-45: Only 3 columns allowed in this table (row 1 has 2) checkRd: (-1) ursa_as.Rd:27-45: Only 3 columns allowed in this table (row 2 has 2) checkRd: (-1) ursa_as.Rd:27-45: Only 3 columns allowed in this table (row 3 has 2) checkRd: (-1) ursa_as.Rd:27-45: Only 3 columns allowed in this table (row 4 has 2) checkRd: (-1) ursa_as.Rd:27-45: Only 3 columns allowed in this table (row 5 has 2) checkRd: (-1) ursa_as.Rd:27-45: Only 3 columns allowed in this table (row 6 has 2) checkRd: (-1) ursa_as.Rd:27-45: Only 3 columns allowed in this table (row 7 has 2) checkRd: (-1) ursa_as.Rd:27-45: Only 3 columns allowed in this table (row 8 has 2) checkRd: (-1) ursa_as.Rd:27-45: Only 3 columns allowed in this table (row 9 has 2) checkRd: (-1) ursa_as.Rd:27-45: Only 3 columns allowed in this table (row 10 has 2) checkRd: (-1) ursa_as.Rd:27-45: Only 3 columns allowed in this table (row 11 has 2) checkRd: (-1) ursa_as.Rd:27-45: Only 3 columns allowed in this table (row 12 has 2) checkRd: (-1) ursa_as.Rd:27-45: Only 3 columns allowed in this table (row 13 has 2) checkRd: (-1) ursa_as.Rd:27-45: Only 3 columns allowed in this table (row 14 has 2) checkRd: (-1) ursa_as.Rd:27-45: Only 3 columns allowed in this table (row 15 has 2) checkRd: (-1) ursa_as.Rd:27-45: Only 3 columns allowed in this table (row 16 has 2) checkRd: (-1) ursa_as.Rd:27-45: Only 3 columns allowed in this table (row 17 has 2) Flavors: r-devel-linux-x86_64-debian-clang, r-devel-linux-x86_64-debian-gcc, r-devel-linux-x86_64-fedora-clang, r-devel-linux-x86_64-fedora-gcc, r-devel-windows-x86_64

These binaries (installable software) and packages are in development.
They may not be fully stable and should be used with caution. We make no claims about them.