CRAN Package Check Results for Package us.census.geoheader

Last updated on 2025-11-13 21:50:12 CET.

Flavor Version Tinstall Tcheck Ttotal Status Flags
r-devel-linux-x86_64-debian-clang 1.0.2 1.61 22.65 24.26 OK
r-devel-linux-x86_64-debian-gcc 1.0.2 1.31 18.15 19.46 OK
r-devel-linux-x86_64-fedora-clang 1.0.2 37.24 OK
r-devel-linux-x86_64-fedora-gcc 1.0.2 48.57 OK
r-devel-windows-x86_64 1.0.2 4.00 42.00 46.00 OK
r-patched-linux-x86_64 1.0.2 1.62 21.25 22.87 OK
r-release-linux-x86_64 1.0.2 1.73 21.08 22.81 OK
r-release-macos-arm64 1.0.2 2.00 33.00 35.00 OK
r-release-macos-x86_64 1.0.2 2.00 33.00 35.00 OK
r-release-windows-x86_64 1.0.2 4.00 40.00 44.00 OK
r-oldrel-macos-arm64 1.0.2 1.00 23.00 24.00 NOTE
r-oldrel-macos-x86_64 1.0.2 2.00 33.00 35.00 NOTE
r-oldrel-windows-x86_64 1.0.2 4.00 48.00 52.00 NOTE

Check Details

Version: 1.0.2
Check: LazyData
Result: NOTE 'LazyData' is specified without a 'data' directory Flavors: r-oldrel-macos-arm64, r-oldrel-macos-x86_64, r-oldrel-windows-x86_64

These binaries (installable software) and packages are in development.
They may not be fully stable and should be used with caution. We make no claims about them.