Last updated on 2025-07-19 19:50:05 CEST.
Flavor | Version | Tinstall | Tcheck | Ttotal | Status | Flags |
---|---|---|---|---|---|---|
r-devel-linux-x86_64-debian-clang | 1.0.2 | 1.49 | 21.17 | 22.66 | OK | |
r-devel-linux-x86_64-debian-gcc | 1.0.2 | 1.46 | 17.03 | 18.49 | OK | |
r-devel-linux-x86_64-fedora-clang | 1.0.2 | 39.41 | OK | |||
r-devel-linux-x86_64-fedora-gcc | 1.0.2 | 50.08 | OK | |||
r-devel-windows-x86_64 | 1.0.2 | 4.00 | 44.00 | 48.00 | OK | |
r-patched-linux-x86_64 | 1.0.2 | 1.75 | 20.01 | 21.76 | OK | |
r-release-linux-x86_64 | 1.0.2 | 1.47 | 19.76 | 21.23 | OK | |
r-release-macos-arm64 | 1.0.2 | 35.00 | OK | |||
r-release-macos-x86_64 | 1.0.2 | 35.00 | OK | |||
r-release-windows-x86_64 | 1.0.2 | 3.00 | 43.00 | 46.00 | OK | |
r-oldrel-macos-arm64 | 1.0.2 | 24.00 | NOTE | |||
r-oldrel-macos-x86_64 | 1.0.2 | 35.00 | NOTE | |||
r-oldrel-windows-x86_64 | 1.0.2 | 4.00 | 48.00 | 52.00 | NOTE |
Version: 1.0.2
Check: LazyData
Result: NOTE
'LazyData' is specified without a 'data' directory
Flavors: r-oldrel-macos-arm64, r-oldrel-macos-x86_64, r-oldrel-windows-x86_64
These binaries (installable software) and packages are in development.
They may not be fully stable and should be used with caution. We make no claims about them.