CRAN Package Check Results for Package uscoauditlog

Last updated on 2025-05-01 15:49:48 CEST.

Flavor Version Tinstall Tcheck Ttotal Status Flags
r-devel-linux-x86_64-debian-clang 1.0.3 3.53 30.64 34.17 NOTE
r-devel-linux-x86_64-debian-gcc 1.0.3 2.71 23.48 26.19 NOTE
r-devel-linux-x86_64-fedora-clang 1.0.3 52.87 OK
r-devel-linux-x86_64-fedora-gcc 1.0.3 51.04 OK
r-devel-windows-x86_64 1.0.3 6.00 52.00 58.00 OK
r-patched-linux-x86_64 1.0.3 4.01 29.28 33.29 OK
r-release-linux-x86_64 OK
r-release-macos-arm64 1.0.3 20.00 OK
r-release-macos-x86_64 1.0.3 36.00 OK
r-release-windows-x86_64 1.0.3 6.00 56.00 62.00 OK
r-oldrel-macos-arm64 1.0.3 21.00 OK
r-oldrel-macos-x86_64 1.0.3 31.00 OK
r-oldrel-windows-x86_64 1.0.3 7.00 55.00 62.00 OK

Check Details

Version: 1.0.3
Check: CRAN incoming feasibility
Result: NOTE Maintainer: ‘Frederick Liu <sliu85@u.rochester.edu>’ No Authors@R field in DESCRIPTION. Please add one, modifying Authors@R: person(given = "Frederick", family = "Liu", role = c("aut", "cre"), email = "sliu85@u.rochester.edu") as necessary. Flavors: r-devel-linux-x86_64-debian-clang, r-devel-linux-x86_64-debian-gcc

These binaries (installable software) and packages are in development.
They may not be fully stable and should be used with caution. We make no claims about them.