CRAN Package Check Results for Package usdatasets

Last updated on 2025-10-23 11:50:33 CEST.

Flavor Version Tinstall Tcheck Ttotal Status Flags
r-devel-linux-x86_64-debian-clang 0.1.0 5.70 50.11 55.81 OK
r-devel-linux-x86_64-debian-gcc 0.1.0 4.46 36.73 41.19 OK
r-devel-linux-x86_64-fedora-clang 0.1.0 30.00 54.91 84.91 OK
r-devel-linux-x86_64-fedora-gcc 0.1.0 13.00 79.94 92.94 OK
r-devel-windows-x86_64 0.1.0 8.00 73.00 81.00 OK
r-patched-linux-x86_64 0.1.0 7.15 47.76 54.91 OK
r-release-linux-x86_64 0.1.0 5.69 47.41 53.10 OK
r-release-macos-arm64 0.1.0 4.00 39.00 43.00 OK
r-release-macos-x86_64 0.1.0 6.00 63.00 69.00 OK
r-release-windows-x86_64 0.1.0 8.00 77.00 85.00 OK
r-oldrel-macos-arm64 0.1.0 4.00 46.00 50.00 OK
r-oldrel-macos-x86_64 0.1.0 10.00 53.00 63.00 NOTE
r-oldrel-windows-x86_64 0.1.0 10.00 89.00 99.00 OK

Check Details

Version: 0.1.0
Check: installed package size
Result: NOTE installed size is 5.6Mb sub-directories of 1Mb or more: R 2.6Mb data 2.6Mb Flavor: r-oldrel-macos-x86_64

These binaries (installable software) and packages are in development.
They may not be fully stable and should be used with caution. We make no claims about them.