CRAN Package Check Results for Package usdatasets

Last updated on 2025-05-08 04:52:22 CEST.

Flavor Version Tinstall Tcheck Ttotal Status Flags
r-devel-linux-x86_64-debian-clang 0.1.0 5.94 45.46 51.40 OK
r-devel-linux-x86_64-debian-gcc 0.1.0 4.84 33.78 38.62 OK
r-devel-linux-x86_64-fedora-clang 0.1.0 81.18 OK
r-devel-linux-x86_64-fedora-gcc 0.1.0 92.94 OK
r-devel-windows-x86_64 0.1.0 7.00 73.00 80.00 OK
r-patched-linux-x86_64 0.1.0 7.29 43.92 51.21 OK
r-release-linux-x86_64 0.1.0 6.15 43.97 50.12 OK
r-release-macos-arm64 0.1.0 43.00 OK
r-release-macos-x86_64 0.1.0 69.00 OK
r-release-windows-x86_64 0.1.0 8.00 75.00 83.00 OK
r-oldrel-macos-arm64 0.1.0 50.00 OK
r-oldrel-macos-x86_64 0.1.0 63.00 NOTE
r-oldrel-windows-x86_64 0.1.0 9.00 85.00 94.00 OK

Check Details

Version: 0.1.0
Check: installed package size
Result: NOTE installed size is 5.6Mb sub-directories of 1Mb or more: R 2.6Mb data 2.6Mb Flavor: r-oldrel-macos-x86_64

These binaries (installable software) and packages are in development.
They may not be fully stable and should be used with caution. We make no claims about them.