CRAN Package Check Results for Package usedist

Last updated on 2025-07-25 01:49:43 CEST.

Flavor Version Tinstall Tcheck Ttotal Status Flags
r-devel-linux-x86_64-debian-clang 0.4.0 1.84 23.40 25.24 OK
r-devel-linux-x86_64-debian-gcc 0.4.0 1.43 18.64 20.07 OK
r-devel-linux-x86_64-fedora-clang 0.4.0 38.99 OK
r-devel-linux-x86_64-fedora-gcc 0.4.0 35.51 OK
r-devel-windows-x86_64 0.4.0 4.00 54.00 58.00 OK
r-patched-linux-x86_64 0.4.0 1.95 20.90 22.85 OK
r-release-linux-x86_64 0.4.0 1.77 21.16 22.93 OK
r-release-macos-arm64 0.4.0 16.00 OK
r-release-macos-x86_64 0.4.0 27.00 OK
r-release-windows-x86_64 0.4.0 4.00 46.00 50.00 OK
r-oldrel-macos-arm64 0.4.0 21.00 NOTE
r-oldrel-macos-x86_64 0.4.0 23.00 NOTE
r-oldrel-windows-x86_64 0.4.0 3.00 46.00 49.00 NOTE

Check Details

Version: 0.4.0
Check: LazyData
Result: NOTE 'LazyData' is specified without a 'data' directory Flavors: r-oldrel-macos-arm64, r-oldrel-macos-x86_64, r-oldrel-windows-x86_64

These binaries (installable software) and packages are in development.
They may not be fully stable and should be used with caution. We make no claims about them.