Last updated on 2025-10-23 15:50:17 CEST.
| Flavor | Version | Tinstall | Tcheck | Ttotal | Status | Flags |
|---|---|---|---|---|---|---|
| r-devel-linux-x86_64-debian-clang | 0.1.5 | 1.48 | 50.16 | 51.64 | OK | |
| r-devel-linux-x86_64-debian-gcc | 0.1.5 | 1.43 | 36.12 | 37.55 | OK | |
| r-devel-linux-x86_64-fedora-clang | 0.1.5 | 76.37 | NOTE | |||
| r-devel-linux-x86_64-fedora-gcc | 0.1.5 | 86.27 | NOTE | |||
| r-devel-windows-x86_64 | 0.1.5 | 4.00 | 62.00 | 66.00 | OK | |
| r-patched-linux-x86_64 | 0.1.5 | 1.88 | 48.93 | 50.81 | OK | |
| r-release-linux-x86_64 | 0.1.5 | 1.85 | 48.98 | 50.83 | OK | |
| r-release-macos-arm64 | 0.1.5 | 1.00 | 34.00 | 35.00 | OK | |
| r-release-macos-x86_64 | 0.1.5 | 2.00 | 68.00 | 70.00 | OK | |
| r-release-windows-x86_64 | 0.1.5 | 4.00 | 65.00 | 69.00 | OK | |
| r-oldrel-macos-arm64 | 0.1.5 | 1.00 | 38.00 | 39.00 | OK | |
| r-oldrel-macos-x86_64 | 0.1.5 | 2.00 | 50.00 | 52.00 | OK | |
| r-oldrel-windows-x86_64 | 0.1.5 | 5.00 | 76.00 | 81.00 | OK |
Version: 0.1.5
Check: dependencies in R code
Result: NOTE
Namespace in Imports field not imported from: ‘tidyverse’
All declared Imports should be used.
Flavors: r-devel-linux-x86_64-fedora-clang, r-devel-linux-x86_64-fedora-gcc
These binaries (installable software) and packages are in development.
They may not be fully stable and should be used with caution. We make no claims about them.