CRAN Package Check Results for Package uskewFactors

Last updated on 2025-07-02 03:50:55 CEST.

Flavor Version Tinstall Tcheck Ttotal Status Flags
r-devel-linux-x86_64-debian-clang 2.0 8.59 71.80 80.39 NOTE
r-devel-linux-x86_64-debian-gcc 2.0 6.02 52.32 58.34 NOTE
r-devel-linux-x86_64-fedora-clang 2.0 123.96 OK
r-devel-linux-x86_64-fedora-gcc 2.0 126.64 OK
r-devel-windows-x86_64 2.0 10.00 78.00 88.00 OK
r-patched-linux-x86_64 OK
r-release-linux-x86_64 2.0 7.97 68.84 76.81 OK
r-release-macos-arm64 2.0 43.00 OK
r-release-macos-x86_64 2.0 74.00 OK
r-release-windows-x86_64 2.0 9.00 81.00 90.00 OK
r-oldrel-macos-arm64 2.0 36.00 OK
r-oldrel-macos-x86_64 2.0 54.00 OK
r-oldrel-windows-x86_64 2.0 11.00 95.00 106.00 OK

Check Details

Version: 2.0
Check: CRAN incoming feasibility
Result: NOTE Maintainer: ‘Paula M. Murray <paula.murray@math.mcmaster.ca>’ No Authors@R field in DESCRIPTION. Please add one, modifying Authors@R: c(person(given = c("Paula", "M."), family = "Murray", role = c("aut", "cre"), email = "paula.murray@math.mcmaster.ca"), person(given = c("Ryan", "P."), family = "Browne", role = "aut"), person(given = c("Paul", "D."), family = "McNicholas", role = "aut")) as necessary. Flavors: r-devel-linux-x86_64-debian-clang, r-devel-linux-x86_64-debian-gcc

These binaries (installable software) and packages are in development.
They may not be fully stable and should be used with caution. We make no claims about them.