Last updated on 2025-05-01 12:49:44 CEST.
Flavor | Version | Tinstall | Tcheck | Ttotal | Status | Flags |
---|---|---|---|---|---|---|
r-devel-linux-x86_64-debian-clang | 0.4.0 | 1.94 | 31.10 | 33.04 | OK | |
r-devel-linux-x86_64-debian-gcc | 0.4.0 | 2.01 | 24.22 | 26.23 | OK | |
r-devel-linux-x86_64-fedora-clang | 0.4.0 | 49.16 | OK | |||
r-devel-linux-x86_64-fedora-gcc | 0.4.0 | 47.09 | OK | |||
r-devel-windows-x86_64 | 0.4.0 | 4.00 | 53.00 | 57.00 | OK | |
r-patched-linux-x86_64 | 0.4.0 | 2.90 | 28.36 | 31.26 | OK | |
r-release-linux-x86_64 | OK | |||||
r-release-macos-arm64 | 0.4.0 | 24.00 | OK | |||
r-release-macos-x86_64 | 0.4.0 | 35.00 | OK | |||
r-release-windows-x86_64 | 0.4.0 | 5.00 | 55.00 | 60.00 | OK | |
r-oldrel-macos-arm64 | 0.4.0 | 25.00 | NOTE | |||
r-oldrel-macos-x86_64 | 0.4.0 | 50.00 | NOTE | |||
r-oldrel-windows-x86_64 | 0.4.0 | 5.00 | 58.00 | 63.00 | NOTE |
Version: 0.4.0
Check: installed package size
Result: NOTE
installed size is 7.4Mb
sub-directories of 1Mb or more:
extdata 7.3Mb
Flavors: r-oldrel-macos-arm64, r-oldrel-macos-x86_64, r-oldrel-windows-x86_64
These binaries (installable software) and packages are in development.
They may not be fully stable and should be used with caution. We make no claims about them.