CRAN Package Check Results for Package utc

Last updated on 2025-05-08 04:52:22 CEST.

Flavor Version Tinstall Tcheck Ttotal Status Flags
r-devel-linux-x86_64-debian-clang 0.1.5 1.41 18.61 20.02 NOTE
r-devel-linux-x86_64-debian-gcc 0.1.5 1.32 15.00 16.32 NOTE
r-devel-linux-x86_64-fedora-clang 0.1.5 30.69 OK
r-devel-linux-x86_64-fedora-gcc 0.1.5 29.48 OK
r-devel-windows-x86_64 0.1.5 2.00 45.00 47.00 OK
r-patched-linux-x86_64 0.1.5 1.66 17.83 19.49 OK
r-release-linux-x86_64 0.1.5 1.60 17.77 19.37 OK
r-release-macos-arm64 0.1.5 16.00 OK
r-release-macos-x86_64 0.1.5 26.00 OK
r-release-windows-x86_64 0.1.5 3.00 47.00 50.00 OK
r-oldrel-macos-arm64 0.1.5 15.00 OK
r-oldrel-macos-x86_64 0.1.5 20.00 OK
r-oldrel-windows-x86_64 0.1.5 3.00 47.00 50.00 OK

Check Details

Version: 0.1.5
Check: CRAN incoming feasibility
Result: NOTE Maintainer: ‘Antonio J. Segura <segura.antonioj@gmail.com>’ No Authors@R field in DESCRIPTION. Please add one, modifying Authors@R: person(given = c("Antonio", "J."), family = "Segura", role = c("aut", "cre"), email = "segura.antonioj@gmail.com") as necessary. Flavors: r-devel-linux-x86_64-debian-clang, r-devel-linux-x86_64-debian-gcc

These binaries (installable software) and packages are in development.
They may not be fully stable and should be used with caution. We make no claims about them.