Last updated on 2025-07-02 01:51:55 CEST.
Flavor | Version | Tinstall | Tcheck | Ttotal | Status | Flags |
---|---|---|---|---|---|---|
r-devel-linux-x86_64-debian-clang | 0.3.0 | 2.18 | 25.74 | 27.92 | NOTE | |
r-devel-linux-x86_64-debian-gcc | 0.3.0 | 1.62 | 19.97 | 21.59 | NOTE | |
r-devel-linux-x86_64-fedora-clang | 0.3.0 | 43.23 | NOTE | |||
r-devel-linux-x86_64-fedora-gcc | 0.3.0 | 43.19 | NOTE | |||
r-devel-windows-x86_64 | 0.3.0 | 4.00 | 48.00 | 52.00 | NOTE | |
r-patched-linux-x86_64 | NOTE | |||||
r-release-linux-x86_64 | 0.3.0 | 2.19 | 23.98 | 26.17 | NOTE | |
r-release-macos-arm64 | 0.3.0 | 23.00 | NOTE | |||
r-release-macos-x86_64 | 0.3.0 | 29.00 | NOTE | |||
r-release-windows-x86_64 | 0.3.0 | 4.00 | 49.00 | 53.00 | NOTE | |
r-oldrel-macos-arm64 | 0.3.0 | 18.00 | OK | |||
r-oldrel-macos-x86_64 | 0.3.0 | 25.00 | OK | |||
r-oldrel-windows-x86_64 | 0.3.0 | 4.00 | 53.00 | 57.00 | OK |
Version: 0.3.0
Check: DESCRIPTION meta-information
Result: NOTE
Missing dependency on R >= 4.1.0 because package code uses the pipe
|> or function shorthand \(...) syntax added in R 4.1.0.
File(s) using such syntax:
‘cusum_failure.Rd’ ‘cusum_loglike.Rd’ ‘cusum_ome.Rd’ ‘cusum_sprt.Rd’
‘paste.R’
Flavors: r-devel-linux-x86_64-debian-clang, r-devel-linux-x86_64-debian-gcc, r-devel-linux-x86_64-fedora-clang, r-devel-linux-x86_64-fedora-gcc, r-devel-windows-x86_64, r-patched-linux-x86_64, r-release-linux-x86_64, r-release-macos-arm64, r-release-macos-x86_64, r-release-windows-x86_64
These binaries (installable software) and packages are in development.
They may not be fully stable and should be used with caution. We make no claims about them.