Last updated on 2025-02-16 08:51:05 CET.
Flavor | Version | Tinstall | Tcheck | Ttotal | Status | Flags |
---|---|---|---|---|---|---|
r-devel-linux-x86_64-debian-clang | 0.0.6 | 4.31 | 35.45 | 39.76 | OK | |
r-devel-linux-x86_64-debian-gcc | 0.0.6 | 2.79 | 26.37 | 29.16 | OK | |
r-devel-linux-x86_64-fedora-clang | 0.0.6 | 64.70 | NOTE | |||
r-devel-linux-x86_64-fedora-gcc | 0.0.6 | 59.89 | NOTE | |||
r-devel-macos-arm64 | 0.0.6 | 23.00 | OK | |||
r-devel-macos-x86_64 | 0.0.6 | 41.00 | OK | |||
r-devel-windows-x86_64 | 0.0.6 | 5.00 | 64.00 | 69.00 | OK | |
r-patched-linux-x86_64 | 0.0.6 | 3.88 | 33.70 | 37.58 | OK | |
r-release-linux-x86_64 | 0.0.6 | 3.86 | 33.57 | 37.43 | OK | |
r-release-macos-arm64 | 0.0.6 | 23.00 | OK | |||
r-release-macos-x86_64 | 0.0.6 | 33.00 | OK | |||
r-release-windows-x86_64 | 0.0.6 | 6.00 | 64.00 | 70.00 | OK | |
r-oldrel-macos-arm64 | 0.0.6 | 24.00 | OK | |||
r-oldrel-macos-x86_64 | 0.0.6 | 34.00 | OK | |||
r-oldrel-windows-x86_64 | 0.0.6 | 7.00 | 67.00 | 74.00 | OK |
Version: 0.0.6
Check: dependencies in R code
Result: NOTE
Namespaces in Imports field not imported from:
‘RCurl’ ‘stringdist’ ‘utils’
All declared Imports should be used.
Flavors: r-devel-linux-x86_64-fedora-clang, r-devel-linux-x86_64-fedora-gcc
These binaries (installable software) and packages are in development.
They may not be fully stable and should be used with caution. We make no claims about them.