Last updated on 2025-11-11 15:50:51 CET.
| Flavor | Version | Tinstall | Tcheck | Ttotal | Status | Flags |
|---|---|---|---|---|---|---|
| r-devel-linux-x86_64-debian-clang | 0.2.4 | 85.70 | 237.39 | 323.09 | OK | |
| r-devel-linux-x86_64-debian-gcc | 0.2.4 | 64.67 | 219.56 | 284.23 | OK | |
| r-devel-linux-x86_64-fedora-clang | 0.2.4 | 337.00 | 166.30 | 503.30 | OK | |
| r-devel-linux-x86_64-fedora-gcc | 0.2.4 | 159.00 | 341.56 | 500.56 | OK | |
| r-devel-windows-x86_64 | 0.2.3 | 96.00 | 249.00 | 345.00 | OK | |
| r-patched-linux-x86_64 | 0.2.3 | 88.01 | 232.63 | 320.64 | OK | |
| r-release-linux-x86_64 | 0.2.3 | 87.66 | 229.85 | 317.51 | OK | |
| r-release-macos-arm64 | 0.2.4 | 37.00 | 122.00 | 159.00 | OK | |
| r-release-macos-x86_64 | 0.2.4 | 60.00 | 212.00 | 272.00 | OK | |
| r-release-windows-x86_64 | 0.2.3 | 119.00 | 246.00 | 365.00 | OK | |
| r-oldrel-macos-arm64 | 0.2.4 | 38.00 | 124.00 | 162.00 | NOTE | |
| r-oldrel-macos-x86_64 | 0.2.4 | 91.00 | 247.00 | 338.00 | NOTE | |
| r-oldrel-windows-x86_64 | 0.2.3 | 117.00 | 343.00 | 460.00 | OK |
Version: 0.2.4
Check: installed package size
Result: NOTE
installed size is 16.6Mb
sub-directories of 1Mb or more:
libs 15.6Mb
Flavors: r-oldrel-macos-arm64, r-oldrel-macos-x86_64
These binaries (installable software) and packages are in development.
They may not be fully stable and should be used with caution. We make no claims about them.