CRAN Package Check Results for Package vDiveR

Last updated on 2025-07-26 07:50:37 CEST.

Flavor Version Tinstall Tcheck Ttotal Status Flags
r-devel-linux-x86_64-debian-clang 2.0.1 9.54 86.94 96.48 OK
r-devel-linux-x86_64-debian-gcc 2.0.1 6.50 60.64 67.14 OK
r-devel-linux-x86_64-fedora-clang 2.0.1 153.09 NOTE
r-devel-linux-x86_64-fedora-gcc 2.0.1 139.19 NOTE
r-devel-windows-x86_64 2.0.1 11.00 114.00 125.00 OK
r-patched-linux-x86_64 2.0.1 9.13 78.75 87.88 OK
r-release-linux-x86_64 2.0.1 8.31 80.20 88.51 OK
r-release-macos-arm64 2.0.1 43.00 OK
r-release-macos-x86_64 2.0.1 72.00 OK
r-release-windows-x86_64 2.0.1 11.00 97.00 108.00 OK
r-oldrel-macos-arm64 2.0.1 40.00 OK
r-oldrel-macos-x86_64 2.0.1 54.00 OK
r-oldrel-windows-x86_64 2.0.1 15.00 122.00 137.00 OK

Check Details

Version: 2.0.1
Check: dependencies in R code
Result: NOTE Namespace in Imports field not imported from: ‘maps’ All declared Imports should be used. Flavors: r-devel-linux-x86_64-fedora-clang, r-devel-linux-x86_64-fedora-gcc

These binaries (installable software) and packages are in development.
They may not be fully stable and should be used with caution. We make no claims about them.