CRAN Package Check Results for Package vaccineff

Last updated on 2025-10-03 13:49:52 CEST.

Flavor Version Tinstall Tcheck Ttotal Status Flags
r-devel-linux-x86_64-debian-clang 1.0.0 3.74 113.91 117.65 ERROR
r-devel-linux-x86_64-debian-gcc 1.0.0 2.81 85.91 88.72 ERROR
r-devel-linux-x86_64-fedora-clang 1.0.1 229.42 OK
r-devel-linux-x86_64-fedora-gcc 1.0.1 213.05 OK
r-devel-windows-x86_64 1.0.0 6.00 135.00 141.00 ERROR
r-patched-linux-x86_64 1.0.0 4.46 111.08 115.54 ERROR
r-release-linux-x86_64 1.0.0 3.35 110.43 113.78 ERROR
r-release-macos-arm64 1.0.0 60.00 OK
r-release-macos-x86_64 1.0.1 118.00 OK
r-release-windows-x86_64 1.0.0 7.00 139.00 146.00 ERROR
r-oldrel-macos-arm64 1.0.0 66.00 OK
r-oldrel-macos-x86_64 1.0.1 128.00 OK
r-oldrel-windows-x86_64 1.0.1 7.00 136.00 143.00 OK

Check Details

Version: 1.0.0
Check: tests
Result: ERROR Running ‘spelling.R’ [0s/0s] Running ‘testthat.R’ [26s/32s] Running the tests in ‘tests/testthat.R’ failed. Complete output: > # This file is part of the standard setup for testthat. > # It is recommended that you do not modify it. > # > # Where should you do additional test configuration? > # Learn more about the roles of various files in: > # * https://r-pkgs.org/tests.html > # * https://testthat.r-lib.org/reference/test_package.html#special-files > > # nolint start > library(testthat) > library(vaccineff) > # nolint end > > test_check("vaccineff") [ FAIL 2 | WARN 0 | SKIP 6 | PASS 100 ] ══ Skipped tests (6) ═══════════════════════════════════════════════════════════ • On CRAN (6): 'test-coh_immunization.R:344:3', 'test-coh_immunization.R:369:3', 'test-coh_match.R:55:5', 'test-coh_match_utils.R:251:3', 'test-coh_time_to_event.R:64:3', 'test-handler_warnings.R:17:3' ══ Failed tests ════════════════════════════════════════════════════════════════ ── Failure ('test-utils_coverage.R:38:3'): `plot_coverage`: default plot ─────── plt$labels$y (`actual`) not identical to "coverage * max(dose_plot)" (`expected`). `actual` is NULL `expected` is a character vector ('coverage * max(dose_plot)') ── Failure ('test-utils_coverage.R:50:3'): `plot_coverage`: cumulative plot ──── plt$labels$y (`actual`) not identical to "coverage * max(dose_plot)" (`expected`). `actual` is NULL `expected` is a character vector ('coverage * max(dose_plot)') [ FAIL 2 | WARN 0 | SKIP 6 | PASS 100 ] Error: Test failures Execution halted Flavor: r-devel-linux-x86_64-debian-clang

Version: 1.0.0
Check: tests
Result: ERROR Running ‘spelling.R’ [0s/0s] Running ‘testthat.R’ [17s/20s] Running the tests in ‘tests/testthat.R’ failed. Complete output: > # This file is part of the standard setup for testthat. > # It is recommended that you do not modify it. > # > # Where should you do additional test configuration? > # Learn more about the roles of various files in: > # * https://r-pkgs.org/tests.html > # * https://testthat.r-lib.org/reference/test_package.html#special-files > > # nolint start > library(testthat) > library(vaccineff) > # nolint end > > test_check("vaccineff") [ FAIL 2 | WARN 0 | SKIP 6 | PASS 100 ] ══ Skipped tests (6) ═══════════════════════════════════════════════════════════ • On CRAN (6): 'test-coh_immunization.R:344:3', 'test-coh_immunization.R:369:3', 'test-coh_match.R:55:5', 'test-coh_match_utils.R:251:3', 'test-coh_time_to_event.R:64:3', 'test-handler_warnings.R:17:3' ══ Failed tests ════════════════════════════════════════════════════════════════ ── Failure ('test-utils_coverage.R:38:3'): `plot_coverage`: default plot ─────── plt$labels$y (`actual`) not identical to "coverage * max(dose_plot)" (`expected`). `actual` is NULL `expected` is a character vector ('coverage * max(dose_plot)') ── Failure ('test-utils_coverage.R:50:3'): `plot_coverage`: cumulative plot ──── plt$labels$y (`actual`) not identical to "coverage * max(dose_plot)" (`expected`). `actual` is NULL `expected` is a character vector ('coverage * max(dose_plot)') [ FAIL 2 | WARN 0 | SKIP 6 | PASS 100 ] Error: Test failures Execution halted Flavor: r-devel-linux-x86_64-debian-gcc

Version: 1.0.0
Check: tests
Result: ERROR Running 'spelling.R' [0s] Running 'testthat.R' [31s] Running the tests in 'tests/testthat.R' failed. Complete output: > # This file is part of the standard setup for testthat. > # It is recommended that you do not modify it. > # > # Where should you do additional test configuration? > # Learn more about the roles of various files in: > # * https://r-pkgs.org/tests.html > # * https://testthat.r-lib.org/reference/test_package.html#special-files > > # nolint start > library(testthat) > library(vaccineff) > # nolint end > > test_check("vaccineff") [ FAIL 2 | WARN 0 | SKIP 6 | PASS 100 ] ══ Skipped tests (6) ═══════════════════════════════════════════════════════════ • On CRAN (6): 'test-coh_immunization.R:344:3', 'test-coh_immunization.R:369:3', 'test-coh_match.R:55:5', 'test-coh_match_utils.R:251:3', 'test-coh_time_to_event.R:64:3', 'test-handler_warnings.R:17:3' ══ Failed tests ════════════════════════════════════════════════════════════════ ── Failure ('test-utils_coverage.R:38:3'): `plot_coverage`: default plot ─────── plt$labels$y (`actual`) not identical to "coverage * max(dose_plot)" (`expected`). `actual` is NULL `expected` is a character vector ('coverage * max(dose_plot)') ── Failure ('test-utils_coverage.R:50:3'): `plot_coverage`: cumulative plot ──── plt$labels$y (`actual`) not identical to "coverage * max(dose_plot)" (`expected`). `actual` is NULL `expected` is a character vector ('coverage * max(dose_plot)') [ FAIL 2 | WARN 0 | SKIP 6 | PASS 100 ] Error: Test failures Execution halted Flavor: r-devel-windows-x86_64

Version: 1.0.0
Check: tests
Result: ERROR Running ‘spelling.R’ [0s/0s] Running ‘testthat.R’ [25s/33s] Running the tests in ‘tests/testthat.R’ failed. Complete output: > # This file is part of the standard setup for testthat. > # It is recommended that you do not modify it. > # > # Where should you do additional test configuration? > # Learn more about the roles of various files in: > # * https://r-pkgs.org/tests.html > # * https://testthat.r-lib.org/reference/test_package.html#special-files > > # nolint start > library(testthat) > library(vaccineff) > # nolint end > > test_check("vaccineff") [ FAIL 2 | WARN 0 | SKIP 6 | PASS 100 ] ══ Skipped tests (6) ═══════════════════════════════════════════════════════════ • On CRAN (6): 'test-coh_immunization.R:344:3', 'test-coh_immunization.R:369:3', 'test-coh_match.R:55:5', 'test-coh_match_utils.R:251:3', 'test-coh_time_to_event.R:64:3', 'test-handler_warnings.R:17:3' ══ Failed tests ════════════════════════════════════════════════════════════════ ── Failure ('test-utils_coverage.R:38:3'): `plot_coverage`: default plot ─────── plt$labels$y (`actual`) not identical to "coverage * max(dose_plot)" (`expected`). `actual` is NULL `expected` is a character vector ('coverage * max(dose_plot)') ── Failure ('test-utils_coverage.R:50:3'): `plot_coverage`: cumulative plot ──── plt$labels$y (`actual`) not identical to "coverage * max(dose_plot)" (`expected`). `actual` is NULL `expected` is a character vector ('coverage * max(dose_plot)') [ FAIL 2 | WARN 0 | SKIP 6 | PASS 100 ] Error: Test failures Execution halted Flavor: r-patched-linux-x86_64

Version: 1.0.0
Check: tests
Result: ERROR Running ‘spelling.R’ [0s/1s] Running ‘testthat.R’ [25s/28s] Running the tests in ‘tests/testthat.R’ failed. Complete output: > # This file is part of the standard setup for testthat. > # It is recommended that you do not modify it. > # > # Where should you do additional test configuration? > # Learn more about the roles of various files in: > # * https://r-pkgs.org/tests.html > # * https://testthat.r-lib.org/reference/test_package.html#special-files > > # nolint start > library(testthat) > library(vaccineff) > # nolint end > > test_check("vaccineff") [ FAIL 2 | WARN 0 | SKIP 6 | PASS 100 ] ══ Skipped tests (6) ═══════════════════════════════════════════════════════════ • On CRAN (6): 'test-coh_immunization.R:344:3', 'test-coh_immunization.R:369:3', 'test-coh_match.R:55:5', 'test-coh_match_utils.R:251:3', 'test-coh_time_to_event.R:64:3', 'test-handler_warnings.R:17:3' ══ Failed tests ════════════════════════════════════════════════════════════════ ── Failure ('test-utils_coverage.R:38:3'): `plot_coverage`: default plot ─────── plt$labels$y (`actual`) not identical to "coverage * max(dose_plot)" (`expected`). `actual` is NULL `expected` is a character vector ('coverage * max(dose_plot)') ── Failure ('test-utils_coverage.R:50:3'): `plot_coverage`: cumulative plot ──── plt$labels$y (`actual`) not identical to "coverage * max(dose_plot)" (`expected`). `actual` is NULL `expected` is a character vector ('coverage * max(dose_plot)') [ FAIL 2 | WARN 0 | SKIP 6 | PASS 100 ] Error: Test failures Execution halted Flavor: r-release-linux-x86_64

Version: 1.0.0
Check: tests
Result: ERROR Running 'spelling.R' [0s] Running 'testthat.R' [32s] Running the tests in 'tests/testthat.R' failed. Complete output: > # This file is part of the standard setup for testthat. > # It is recommended that you do not modify it. > # > # Where should you do additional test configuration? > # Learn more about the roles of various files in: > # * https://r-pkgs.org/tests.html > # * https://testthat.r-lib.org/reference/test_package.html#special-files > > # nolint start > library(testthat) > library(vaccineff) > # nolint end > > test_check("vaccineff") [ FAIL 2 | WARN 0 | SKIP 6 | PASS 100 ] ══ Skipped tests (6) ═══════════════════════════════════════════════════════════ • On CRAN (6): 'test-coh_immunization.R:344:3', 'test-coh_immunization.R:369:3', 'test-coh_match.R:55:5', 'test-coh_match_utils.R:251:3', 'test-coh_time_to_event.R:64:3', 'test-handler_warnings.R:17:3' ══ Failed tests ════════════════════════════════════════════════════════════════ ── Failure ('test-utils_coverage.R:38:3'): `plot_coverage`: default plot ─────── plt$labels$y (`actual`) not identical to "coverage * max(dose_plot)" (`expected`). `actual` is NULL `expected` is a character vector ('coverage * max(dose_plot)') ── Failure ('test-utils_coverage.R:50:3'): `plot_coverage`: cumulative plot ──── plt$labels$y (`actual`) not identical to "coverage * max(dose_plot)" (`expected`). `actual` is NULL `expected` is a character vector ('coverage * max(dose_plot)') [ FAIL 2 | WARN 0 | SKIP 6 | PASS 100 ] Error: Test failures Execution halted Flavor: r-release-windows-x86_64

These binaries (installable software) and packages are in development.
They may not be fully stable and should be used with caution. We make no claims about them.