Last updated on 2025-02-16 08:51:05 CET.
Flavor | Version | Tinstall | Tcheck | Ttotal | Status | Flags |
---|---|---|---|---|---|---|
r-devel-linux-x86_64-debian-clang | 0.1.6 | 1.66 | 17.27 | 18.93 | OK | |
r-devel-linux-x86_64-debian-gcc | 0.1.6 | 1.37 | 14.31 | 15.68 | OK | |
r-devel-linux-x86_64-fedora-clang | 0.1.6 | 31.07 | OK | |||
r-devel-linux-x86_64-fedora-gcc | 0.1.6 | 29.61 | OK | |||
r-devel-macos-arm64 | 0.1.6 | 15.00 | OK | |||
r-devel-macos-x86_64 | 0.1.6 | 25.00 | OK | |||
r-devel-windows-x86_64 | 0.1.6 | 4.00 | 42.00 | 46.00 | OK | |
r-patched-linux-x86_64 | 0.1.6 | 1.69 | 16.93 | 18.62 | NOTE | |
r-release-linux-x86_64 | 0.1.6 | 1.77 | 16.60 | 18.37 | NOTE | |
r-release-macos-arm64 | 0.1.6 | 15.00 | NOTE | |||
r-release-macos-x86_64 | 0.1.6 | 23.00 | NOTE | |||
r-release-windows-x86_64 | 0.1.6 | 3.00 | 41.00 | 44.00 | NOTE | |
r-oldrel-macos-arm64 | 0.1.6 | 17.00 | NOTE | |||
r-oldrel-macos-x86_64 | 0.1.6 | 19.00 | NOTE | |||
r-oldrel-windows-x86_64 | 0.1.6 | 4.00 | 41.00 | 45.00 | NOTE |
Version: 0.1.6
Check: LazyData
Result: NOTE
'LazyData' is specified without a 'data' directory
Flavors: r-patched-linux-x86_64, r-release-linux-x86_64, r-release-macos-arm64, r-release-macos-x86_64, r-release-windows-x86_64, r-oldrel-macos-arm64, r-oldrel-macos-x86_64, r-oldrel-windows-x86_64
These binaries (installable software) and packages are in development.
They may not be fully stable and should be used with caution. We make no claims about them.