Last updated on 2025-10-23 23:49:51 CEST.
| Flavor | Version | Tinstall | Tcheck | Ttotal | Status | Flags |
|---|---|---|---|---|---|---|
| r-devel-linux-x86_64-debian-clang | 2.0.0 | 2.58 | 23.37 | 25.95 | NOTE | |
| r-devel-linux-x86_64-debian-gcc | 2.0.0 | 1.96 | 19.04 | 21.00 | OK | |
| r-devel-linux-x86_64-fedora-clang | 2.0.0 | 39.07 | OK | |||
| r-devel-linux-x86_64-fedora-gcc | 2.0.0 | 35.63 | OK | |||
| r-devel-windows-x86_64 | 2.0.0 | 4.00 | 46.00 | 50.00 | OK | |
| r-patched-linux-x86_64 | 2.0.0 | 2.81 | 22.01 | 24.82 | OK | |
| r-release-linux-x86_64 | 2.0.0 | 2.39 | 21.96 | 24.35 | OK | |
| r-release-macos-arm64 | 2.0.0 | 1.00 | 16.00 | 17.00 | OK | |
| r-release-macos-x86_64 | 2.0.0 | 3.00 | 25.00 | 28.00 | OK | |
| r-release-windows-x86_64 | 2.0.0 | 4.00 | 48.00 | 52.00 | OK | |
| r-oldrel-macos-arm64 | 2.0.0 | 1.00 | 21.00 | 22.00 | OK | |
| r-oldrel-macos-x86_64 | 2.0.0 | 3.00 | 37.00 | 40.00 | OK | |
| r-oldrel-windows-x86_64 | 2.0.0 | 5.00 | 49.00 | 54.00 | OK |
Version: 2.0.0
Check: HTML version of manual
Result: NOTE
Found the following HTML validation problems:
dot-onAttach.html:50:1 (dot-onAttach.Rd:12): Warning: missing </ul> before </div>
Flavor: r-devel-linux-x86_64-debian-clang
These binaries (installable software) and packages are in development.
They may not be fully stable and should be used with caution. We make no claims about them.