Last updated on 2025-02-16 08:51:05 CET.
Flavor | Version | Tinstall | Tcheck | Ttotal | Status | Flags |
---|---|---|---|---|---|---|
r-devel-linux-x86_64-debian-clang | 0.1.0 | 2.74 | 33.99 | 36.73 | OK | |
r-devel-linux-x86_64-debian-gcc | 0.1.0 | 1.97 | 25.92 | 27.89 | OK | |
r-devel-linux-x86_64-fedora-clang | 0.1.0 | 64.95 | NOTE | |||
r-devel-linux-x86_64-fedora-gcc | 0.1.0 | 69.32 | NOTE | |||
r-devel-macos-arm64 | 0.1.0 | 31.00 | OK | |||
r-devel-macos-x86_64 | 0.1.0 | 61.00 | OK | |||
r-devel-windows-x86_64 | 0.1.0 | 5.00 | 63.00 | 68.00 | OK | |
r-patched-linux-x86_64 | 0.1.0 | 3.02 | 31.81 | 34.83 | OK | |
r-release-linux-x86_64 | 0.1.0 | 2.23 | 31.43 | 33.66 | OK | |
r-release-macos-arm64 | 0.1.0 | 28.00 | OK | |||
r-release-macos-x86_64 | 0.1.0 | 40.00 | OK | |||
r-release-windows-x86_64 | 0.1.0 | 5.00 | 58.00 | 63.00 | OK | |
r-oldrel-macos-arm64 | 0.1.0 | 29.00 | OK | |||
r-oldrel-macos-x86_64 | 0.1.0 | 45.00 | OK | |||
r-oldrel-windows-x86_64 | 0.1.0 | 5.00 | 64.00 | 69.00 | OK |
Version: 0.1.0
Check: dependencies in R code
Result: NOTE
Namespaces in Imports field not imported from:
‘BBmisc’ ‘badger’
All declared Imports should be used.
Flavors: r-devel-linux-x86_64-fedora-clang, r-devel-linux-x86_64-fedora-gcc
These binaries (installable software) and packages are in development.
They may not be fully stable and should be used with caution. We make no claims about them.