CRAN Package Check Results for Package validateIt

Last updated on 2025-02-16 08:51:05 CET.

Flavor Version Tinstall Tcheck Ttotal Status Flags
r-devel-linux-x86_64-debian-clang 1.2.1 4.15 33.49 37.64 NOTE
r-devel-linux-x86_64-debian-gcc 1.2.1 2.66 25.98 28.64 NOTE
r-devel-linux-x86_64-fedora-clang 1.2.1 61.31 NOTE
r-devel-linux-x86_64-fedora-gcc 1.2.1 58.15 NOTE
r-devel-macos-arm64 1.2.1 21.00 NOTE
r-devel-macos-x86_64 1.2.1 37.00 NOTE
r-devel-windows-x86_64 1.2.1 5.00 57.00 62.00 NOTE
r-patched-linux-x86_64 1.2.1 4.09 31.60 35.69 NOTE
r-release-linux-x86_64 1.2.1 4.16 31.91 36.07 NOTE
r-release-macos-arm64 1.2.1 21.00 NOTE
r-release-macos-x86_64 1.2.1 32.00 NOTE
r-release-windows-x86_64 1.2.1 6.00 60.00 66.00 NOTE
r-oldrel-macos-arm64 1.2.1 24.00 OK
r-oldrel-macos-x86_64 1.2.1 58.00 OK
r-oldrel-windows-x86_64 1.2.1 7.00 60.00 67.00 OK

Check Details

Version: 1.2.1
Check: Rd files
Result: NOTE checkRd: (-1) sendTasks.Rd:41: Lost braces in \itemize; \value handles \item{}{} directly checkRd: (-1) sendTasks.Rd:43: Lost braces in \itemize; \value handles \item{}{} directly Flavors: r-devel-linux-x86_64-debian-clang, r-devel-linux-x86_64-debian-gcc, r-devel-linux-x86_64-fedora-clang, r-devel-linux-x86_64-fedora-gcc, r-devel-macos-arm64, r-devel-macos-x86_64, r-devel-windows-x86_64, r-patched-linux-x86_64, r-release-linux-x86_64, r-release-macos-arm64, r-release-macos-x86_64, r-release-windows-x86_64

These binaries (installable software) and packages are in development.
They may not be fully stable and should be used with caution. We make no claims about them.