Last updated on 2025-05-21 23:48:59 CEST.
Flavor | Version | Tinstall | Tcheck | Ttotal | Status | Flags |
---|---|---|---|---|---|---|
r-devel-linux-x86_64-debian-clang | 1.2.1 | 3.96 | 34.43 | 38.39 | NOTE | |
r-devel-linux-x86_64-debian-gcc | 1.2.1 | 3.04 | 26.22 | 29.26 | NOTE | |
r-devel-linux-x86_64-fedora-clang | 1.2.1 | 64.54 | NOTE | |||
r-devel-linux-x86_64-fedora-gcc | 1.2.1 | 57.33 | NOTE | |||
r-devel-windows-x86_64 | 1.2.1 | 6.00 | 69.00 | 75.00 | NOTE | |
r-patched-linux-x86_64 | 1.2.1 | 3.38 | 32.64 | 36.02 | NOTE | |
r-release-linux-x86_64 | 1.2.1 | 3.94 | 32.56 | 36.50 | NOTE | |
r-release-macos-arm64 | 1.2.1 | 24.00 | NOTE | |||
r-release-macos-x86_64 | 1.2.1 | 37.00 | NOTE | |||
r-release-windows-x86_64 | 1.2.1 | 6.00 | 67.00 | 73.00 | NOTE | |
r-oldrel-macos-arm64 | 1.2.1 | 21.00 | NOTE | |||
r-oldrel-macos-x86_64 | 1.2.1 | 32.00 | NOTE | |||
r-oldrel-windows-x86_64 | 1.2.1 | 7.00 | 64.00 | 71.00 | NOTE |
Version: 1.2.1
Check: Rd files
Result: NOTE
checkRd: (-1) sendTasks.Rd:41: Lost braces in \itemize; \value handles \item{}{} directly
checkRd: (-1) sendTasks.Rd:43: Lost braces in \itemize; \value handles \item{}{} directly
Flavors: r-devel-linux-x86_64-debian-clang, r-devel-linux-x86_64-debian-gcc, r-devel-linux-x86_64-fedora-clang, r-devel-linux-x86_64-fedora-gcc, r-devel-windows-x86_64, r-patched-linux-x86_64, r-release-linux-x86_64, r-release-macos-arm64, r-release-macos-x86_64, r-release-windows-x86_64, r-oldrel-macos-arm64, r-oldrel-macos-x86_64, r-oldrel-windows-x86_64
These binaries (installable software) and packages are in development.
They may not be fully stable and should be used with caution. We make no claims about them.