CRAN Package Check Results for Package validateIt

Last updated on 2025-10-23 15:50:17 CEST.

Flavor Version Tinstall Tcheck Ttotal Status Flags
r-devel-linux-x86_64-debian-clang 1.2.1 4.39 36.64 41.03 NOTE
r-devel-linux-x86_64-debian-gcc 1.2.1 3.04 28.20 31.24 NOTE
r-devel-linux-x86_64-fedora-clang 1.2.1 22.00 40.52 62.52 NOTE
r-devel-linux-x86_64-fedora-gcc 1.2.1 57.18 NOTE
r-devel-windows-x86_64 1.2.1 6.00 54.00 60.00 NOTE
r-patched-linux-x86_64 1.2.1 4.12 34.24 38.36 NOTE
r-release-linux-x86_64 1.2.1 3.42 34.31 37.73 NOTE
r-release-macos-arm64 1.2.1 2.00 22.00 24.00 NOTE
r-release-macos-x86_64 1.2.1 3.00 34.00 37.00 NOTE
r-release-windows-x86_64 1.2.1 5.00 55.00 60.00 NOTE
r-oldrel-macos-arm64 1.2.1 2.00 19.00 21.00 NOTE
r-oldrel-macos-x86_64 1.2.1 3.00 29.00 32.00 NOTE
r-oldrel-windows-x86_64 1.2.1 7.00 60.00 67.00 NOTE

Check Details

Version: 1.2.1
Check: Rd files
Result: NOTE checkRd: (-1) sendTasks.Rd:41: Lost braces in \itemize; \value handles \item{}{} directly checkRd: (-1) sendTasks.Rd:43: Lost braces in \itemize; \value handles \item{}{} directly Flavors: r-devel-linux-x86_64-debian-clang, r-devel-linux-x86_64-debian-gcc, r-devel-linux-x86_64-fedora-clang, r-devel-linux-x86_64-fedora-gcc, r-devel-windows-x86_64, r-patched-linux-x86_64, r-release-linux-x86_64, r-release-macos-arm64, r-release-macos-x86_64, r-release-windows-x86_64, r-oldrel-macos-arm64, r-oldrel-macos-x86_64, r-oldrel-windows-x86_64

These binaries (installable software) and packages are in development.
They may not be fully stable and should be used with caution. We make no claims about them.