CRAN Package Check Results for Package valmetrics

Last updated on 2025-05-08 04:52:22 CEST.

Flavor Version Tinstall Tcheck Ttotal Status Flags
r-devel-linux-x86_64-debian-clang 1.0.0 2.46 23.77 26.23 OK
r-devel-linux-x86_64-debian-gcc 1.0.0 1.71 19.33 21.04 OK
r-devel-linux-x86_64-fedora-clang 1.0.0 41.58 OK
r-devel-linux-x86_64-fedora-gcc 1.0.0 53.02 OK
r-devel-windows-x86_64 1.0.0 3.00 50.00 53.00 OK
r-patched-linux-x86_64 1.0.0 2.90 22.67 25.57 OK
r-release-linux-x86_64 1.0.0 2.43 22.75 25.18 OK
r-release-macos-arm64 1.0.0 24.00 OK
r-release-macos-x86_64 1.0.0 40.00 OK
r-release-windows-x86_64 1.0.0 5.00 55.00 60.00 OK
r-oldrel-macos-arm64 1.0.0 22.00 NOTE
r-oldrel-macos-x86_64 1.0.0 32.00 NOTE
r-oldrel-windows-x86_64 1.0.0 4.00 57.00 61.00 NOTE

Check Details

Version: 1.0.0
Check: LazyData
Result: NOTE 'LazyData' is specified without a 'data' directory Flavors: r-oldrel-macos-arm64, r-oldrel-macos-x86_64, r-oldrel-windows-x86_64

These binaries (installable software) and packages are in development.
They may not be fully stable and should be used with caution. We make no claims about them.